{"id":223,"date":"2023-01-07T13:42:52","date_gmt":"2023-01-07T12:42:52","guid":{"rendered":"https:\/\/www.kopernikusschule.de\/cms\/?page_id=223"},"modified":"2023-01-08T18:41:19","modified_gmt":"2023-01-08T17:41:19","slug":"schulordnung","status":"publish","type":"page","link":"https:\/\/www.kopernikusschule.de\/cms\/schulordnung\/","title":{"rendered":"Schulordnung"},"content":{"rendered":"\t\t<div data-elementor-type=\"wp-page\" data-elementor-id=\"223\" class=\"elementor elementor-223\" data-elementor-settings=\"{&quot;ha_cmc_init_switcher&quot;:&quot;no&quot;}\">\n\t\t\t\t\t\t<section class=\"elementor-section elementor-top-section elementor-element elementor-element-98c5b21 elementor-section-boxed elementor-section-height-default elementor-section-height-default wpr-particle-no wpr-jarallax-no wpr-parallax-no wpr-sticky-section-no wpr-equal-height-no\" data-id=\"98c5b21\" data-element_type=\"section\" data-e-type=\"section\" data-settings=\"{&quot;_ha_eqh_enable&quot;:false}\">\n\t\t\t\t\t\t<div class=\"elementor-container elementor-column-gap-default\">\n\t\t\t\t\t<div class=\"elementor-column elementor-col-100 elementor-top-column elementor-element elementor-element-68e0fb5\" data-id=\"68e0fb5\" data-element_type=\"column\" data-e-type=\"column\">\n\t\t\t<div class=\"elementor-widget-wrap elementor-element-populated\">\n\t\t\t\t\t\t<div class=\"elementor-element elementor-element-959142d elementor-widget elementor-widget-heading\" data-id=\"959142d\" data-element_type=\"widget\" data-e-type=\"widget\" data-widget_type=\"heading.default\">\n\t\t\t\t<div class=\"elementor-widget-container\">\n\t\t\t\t\t<h2 class=\"elementor-heading-title elementor-size-default\">Neue Schulordnung - g\u00fcltig ab dem Schuljahr 2018\/19<\/h2>\t\t\t\t<\/div>\n\t\t\t\t<\/div>\n\t\t\t\t\t<\/div>\n\t\t<\/div>\n\t\t\t\t\t<\/div>\n\t\t<\/section>\n\t\t\t\t<section class=\"elementor-section elementor-top-section elementor-element elementor-element-7d11a65 elementor-section-boxed elementor-section-height-default elementor-section-height-default wpr-particle-no wpr-jarallax-no wpr-parallax-no wpr-sticky-section-no wpr-equal-height-no\" data-id=\"7d11a65\" data-element_type=\"section\" data-e-type=\"section\" data-settings=\"{&quot;_ha_eqh_enable&quot;:false}\">\n\t\t\t\t\t\t<div class=\"elementor-container elementor-column-gap-default\">\n\t\t\t\t\t<div class=\"elementor-column elementor-col-100 elementor-top-column elementor-element elementor-element-4915b41\" data-id=\"4915b41\" data-element_type=\"column\" data-e-type=\"column\">\n\t\t\t<div class=\"elementor-widget-wrap elementor-element-populated\">\n\t\t\t\t\t\t<div class=\"elementor-element elementor-element-964db7a elementor-widget elementor-widget-button\" data-id=\"964db7a\" data-element_type=\"widget\" data-e-type=\"widget\" data-widget_type=\"button.default\">\n\t\t\t\t<div class=\"elementor-widget-container\">\n\t\t\t\t\t\t\t\t\t<div class=\"elementor-button-wrapper\">\n\t\t\t\t\t<a class=\"elementor-button elementor-button-link elementor-size-sm\" href=\"https:\/\/kopernikusschule.de\/downloads\/schulordnung_langfassung.pdf\" target=\"_blank\">\n\t\t\t\t\t\t<span class=\"elementor-button-content-wrapper\">\n\t\t\t\t\t\t\t\t\t<span class=\"elementor-button-text\">Download Langfassung (PDF)<\/span>\n\t\t\t\t\t<\/span>\n\t\t\t\t\t<\/a>\n\t\t\t\t<\/div>\n\t\t\t\t\t\t\t\t<\/div>\n\t\t\t\t<\/div>\n\t\t\t\t<div class=\"elementor-element elementor-element-d317993 elementor-widget elementor-widget-button\" data-id=\"d317993\" data-element_type=\"widget\" data-e-type=\"widget\" data-widget_type=\"button.default\">\n\t\t\t\t<div class=\"elementor-widget-container\">\n\t\t\t\t\t\t\t\t\t<div class=\"elementor-button-wrapper\">\n\t\t\t\t\t<a class=\"elementor-button elementor-button-link elementor-size-sm\" href=\"https:\/\/kopernikusschule.de\/downloads\/schulordnung_kurzfassung.pdf\" target=\"_blank\">\n\t\t\t\t\t\t<span class=\"elementor-button-content-wrapper\">\n\t\t\t\t\t\t\t\t\t<span class=\"elementor-button-text\">Download Kurzfassung (PDF)<\/span>\n\t\t\t\t\t<\/span>\n\t\t\t\t\t<\/a>\n\t\t\t\t<\/div>\n\t\t\t\t\t\t\t\t<\/div>\n\t\t\t\t<\/div>\n\t\t\t\t<div class=\"elementor-element elementor-element-9b51f21 elementor-widget elementor-widget-text-editor\" data-id=\"9b51f21\" data-element_type=\"widget\" data-e-type=\"widget\" data-widget_type=\"text-editor.default\">\n\t\t\t\t<div class=\"elementor-widget-container\">\n\t\t\t\t\t\t\t\t\t<p>1. Ich erscheine regelm\u00e4\u00dfig und p\u00fcnktlich zum Unterricht.<\/p><ul><li>Wenn ich krank bin, m\u00fcssen meine Eltern\/Erziehungsberechtigten die Schule am ersten Fehltag telefonisch benachrichtigen.<\/li><li>Wenn ich wieder zur Schule komme, muss ich sofort eine von meinen Eltern\/Erziehungsberechtigten unterschriebene, schriftliche Begr\u00fcndung f\u00fcr mein Fehlen mitbringen.<\/li><li>Sollte ich aus anderen Gr\u00fcnden fehlen, muss von meinen Eltern\/Erziehungsberechtigten vorab ein schriftlicher Antrag an die Schule gestellt werden.<\/li><li>Arztbesuche finden in der Regel au\u00dferhalb der Unterrichtszeit statt.<\/li><li>Wenn ich l\u00e4nger als 3 Tage fehle, kann eine \u00e4rztliche Bescheinigung eingefordert werden.<\/li><li>Ich gehe p\u00fcnktlich mit dem ersten Schellen um 7.55 Uhr in die Klasse.<\/li><li>Wenn ich zu sp\u00e4t komme, gehe ich leise zur Lehrerin\/zum Lehrer und teile ihr\/ihm den Grund meiner Versp\u00e4tung mit.<\/li><li>Ich betrete den Klassenraum so, dass der laufende Unterricht nicht gest\u00f6rt wird.<\/li><li>Nach der Pause gehe ich beim ersten Klingeln zu meinem Unterrichtsraum, damit der Unterricht p\u00fcnktlich anfangen kann.\u00a0<\/li><\/ul><p>2. Ich verhalte mich freundlich, respektvoll und gewaltfrei.<\/p><ul><li>Wir gr\u00fc\u00dfen einander.<\/li><li>Ich lasse andere ausreden.<\/li><li>Ich h\u00f6re zu, wenn mir jemand etwas sagen m\u00f6chte.<\/li><li>Ich lache niemanden aus oder mache ihn l\u00e4cherlich.<\/li><li>Ich beschimpfe und beleidige keine Mitsch\u00fcler\/Mitsch\u00fclerinnen und Lehrpersonen.<\/li><li>Ich helfe mit, dass Streitigkeiten friedlich ausgehen.<\/li><li>In den Pausen st\u00f6re ich nicht die Spiele der anderen.<\/li><li>Ich respektiere das Recht auf Privatsph\u00e4re in den Toilettenr\u00e4umen und Umkleidekabinen. Ich schlage niemanden.<\/li><li>Ich bedrohe und erpresse niemanden.<\/li><li>Ich helfe, wenn Mitsch\u00fclerinnen\/Mitsch\u00fcler in Not sind.<\/li><li>Ich bringe keine Gegenst\u00e4nde in die Schule mit, deren Zweck es ist, andere damit zu bedrohen oder zu verletzen.<\/li><li>Ich fotografiere oder filme nicht und fertige keine Tonaufnahmen an.<\/li><li>Werde ich oder andere Sch\u00fclerinnen und Sch\u00fcler in der Schule, auf dem Schulweg oder im Internet bel\u00e4stigt, erpresst, geschlagen oder zu etwas gezwungen, gehe ich zum Klassenlehrer\/Fachlehrer, zur Schulleitung, zur Schulsozialarbeiterin und berichte, was passiert ist\u00a0<\/li><\/ul><p>3.Ich befolge die Anweisungen aller Lehrkr\u00e4fte und anderer dazu befugter Personen.<\/p><ul><li>Ich befolge die Anweisungen von Lehrerinnen und Lehrern, Sozialarbeiterinnen, Sekret\u00e4rin, Haustechniker und anderem Schulpersonal.<\/li><\/ul><p>4. Ich st\u00f6re im Unterricht nicht und arbeite mit.<\/p><ul><li>Ich arbeite im Unterricht aktiv mit.<\/li><li>Ich arbeite im Unterricht ruhig, konzentriert und selbst\u00e4ndig.<\/li><li>Ich erledige mir aufgetragene Aufgaben sorgf\u00e4ltig.<\/li><li>Ich bem\u00fche mich, gute Leistungen zu erbringen.<\/li><li>Ich fertige meine Hausaufgaben ordentlich an.<\/li><li>Ich hole nicht gemachte Hausaufgaben nach.<\/li><li>Ich hole vers\u00e4umten Unterrichtsstoff nach.<\/li><li>Ich lenke meine Mitsch\u00fcler beim Lernen nicht ab, st\u00f6re und bel\u00e4stige sie nicht.<\/li><li>Ich beachte die Gespr\u00e4chsregeln.<\/li><li>Ich bringe das Material (B\u00fccher, Hefte, vollst\u00e4ndig gef\u00fclltes Etui) mit, das ich ben\u00f6tige. \u00a0<\/li><\/ul><p>5. Ich achte mein Eigentum und das der anderen.<\/p><ul><li>Ich halte die Schule sauber.<\/li><li>Ich bin verantwortlich f\u00fcr meine eigenen Sachen und ausgeliehenen Dinge.<\/li><li>Ich gehe sorgf\u00e4ltig mit den ausgeliehenen B\u00fcchern und anderen Materialien meiner Schule und meiner Mitsch\u00fcler um.<\/li><li>Ich nehme niemandem etwas weg, auch nicht zum Spa\u00df.<\/li><li>Ich frage, bevor ich etwas ausleihe und warte die Antwort ab. Ich akzeptiere ein \u201eNein\u201c.<\/li><li>Ich gehe ordentlich mit dem Inventar der Schule um.<\/li><li>Ich zerst\u00f6re und verunreinige im Schulgeb\u00e4ude und auf dem Schulhof nichts.<\/li><li>Ich schone B\u00fcsche, B\u00e4ume, Beete und Rasenfl\u00e4chen.<\/li><li>Ich sorge daf\u00fcr, dass Schulgel\u00e4nde, Schulhof und Schulgeb\u00e4ude sauber und ordentlich bleiben.<\/li><li>Ich werfe M\u00fcll in die Papierk\u00f6rbe.<\/li><\/ul><p>6. W\u00e4hrend der Schulzeit verlasse ich das Schulgel\u00e4nde nicht.<\/p><ul><li>Ich verlasse weder in der Unterrichtszeit noch in den Pausen ohne ausdr\u00fcckliche Genehmigung das Schulgel\u00e4nde. Ausnahme: Mittagspausenregelung ab Klasse 8<\/li><li>Ich halte mich vor Unterrichtsbeginn (also vor der 1. Stunde) auf dem Schulgel\u00e4nde auf.<\/li><li>Bei sp\u00e4ter beginnendem Unterricht oder vorzeitig endendem Unterricht, halte ich mich in der Eingangshalle oder in der Klasse auf (\u00e4hnliche Regelung wie in den Pausen).<\/li><li>Ich bleibe in den Pausen auf dem Schulgel\u00e4nde.<\/li><li>Ich halte mich nur auf den freigegebenen Fl\u00e4chen auf, d.h. in der Eingangshalle, auf dem Schulhof, im Kiosk oder in der Mensa, wenn ich mich hinsetzen will und in Ruhe mit anderen reden oder spielen will (Kartenspiele&#8230;).\u00a0<\/li><\/ul><p>7. Ich verhalte mich in der Schule und bei Schulveranstaltungen angemessen.<\/p><ul><li>Ich befolge die geltenden Regeln unserer Schule.<\/li><li>Ich schalte im Klassenraum\/w\u00e4hrend des Unterrichts\/bei Schulveranstaltungen mein Handy und andere elektronische Unterhaltungsmedien aus. <br \/>Ausnahme: Handy \u2013 Einsatz im Unterricht<\/li><li>Ich ziehe im Klassenraum Jacke und Handschuhe aus. <br \/>Ausnahme: kalte Klasse im Winter (Container)<\/li><li>Ich trage im Klassenraum keine Kopfbedeckung wie z.B. Kappen, M\u00fctzen, Kapuzen.<br \/>Ausnahme: religi\u00f6se Gr\u00fcnde<\/li><li>Ich nutze zum Essen und Trinken die Pausen.<\/li><li>Ich esse im Unterricht nicht und kaue kein Kaugummi im Unterricht.<\/li><li>Ich tobe und schreie nicht im Geb\u00e4ude.<\/li><li>In der ersten Pause betrete ich den Verwaltungstrakt nur in Notf\u00e4llen und nutze in den anderen Pausen den Verwaltungstrakt nicht als Durchgang.<\/li><li>Ich gehe grunds\u00e4tzlich nur in den Pausen zur Toilette. \u00a0<\/li><\/ul>\t\t\t\t\t\t\t\t<\/div>\n\t\t\t\t<\/div>\n\t\t\t\t\t<\/div>\n\t\t<\/div>\n\t\t\t\t\t<\/div>\n\t\t<\/section>\n\t\t\t\t<\/div>\n\t\t","protected":false},"excerpt":{"rendered":"<p>Neue Schulordnung &#8211; g\u00fcltig ab dem Schuljahr 2018\/19 Download Langfassung (PDF) Download Kurzfassung (PDF) 1. Ich erscheine regelm\u00e4\u00dfig und p\u00fcnktlich zum Unterricht. Wenn ich krank bin, m\u00fcssen meine Eltern\/Erziehungsberechtigten die&#8230;<\/p>\n","protected":false},"author":1,"featured_media":0,"parent":0,"menu_order":0,"comment_status":"closed","ping_status":"closed","template":"","meta":{"footnotes":""},"class_list":["post-223","page","type-page","status-publish","hentry","entry"],"featured_image_src":null,"_links":{"self":[{"href":"https:\/\/www.kopernikusschule.de\/cms\/wp-json\/wp\/v2\/pages\/223","targetHints":{"allow":["GET"]}}],"collection":[{"href":"https:\/\/www.kopernikusschule.de\/cms\/wp-json\/wp\/v2\/pages"}],"about":[{"href":"https:\/\/www.kopernikusschule.de\/cms\/wp-json\/wp\/v2\/types\/page"}],"author":[{"embeddable":true,"href":"https:\/\/www.kopernikusschule.de\/cms\/wp-json\/wp\/v2\/users\/1"}],"replies":[{"embeddable":true,"href":"https:\/\/www.kopernikusschule.de\/cms\/wp-json\/wp\/v2\/comments?post=223"}],"version-history":[{"count":7,"href":"https:\/\/www.kopernikusschule.de\/cms\/wp-json\/wp\/v2\/pages\/223\/revisions"}],"predecessor-version":[{"id":267,"href":"https:\/\/www.kopernikusschule.de\/cms\/wp-json\/wp\/v2\/pages\/223\/revisions\/267"}],"wp:attachment":[{"href":"https:\/\/www.kopernikusschule.de\/cms\/wp-json\/wp\/v2\/media?parent=223"}],"curies":[{"name":"wp","href":"https:\/\/api.w.org\/{rel}","templated":true}]}}