{"id":207,"date":"2023-01-07T13:39:48","date_gmt":"2023-01-07T12:39:48","guid":{"rendered":"https:\/\/www.kopernikusschule.de\/cms\/?page_id=207"},"modified":"2023-01-09T08:46:35","modified_gmt":"2023-01-09T07:46:35","slug":"gedankenblitz","status":"publish","type":"page","link":"https:\/\/www.kopernikusschule.de\/cms\/gedankenblitz\/","title":{"rendered":"GedankenBlitz"},"content":{"rendered":"\t\t<div data-elementor-type=\"wp-page\" data-elementor-id=\"207\" class=\"elementor elementor-207\" data-elementor-settings=\"{&quot;ha_cmc_init_switcher&quot;:&quot;no&quot;}\">\n\t\t\t\t\t\t<section class=\"elementor-section elementor-top-section elementor-element elementor-element-a540fbf elementor-section-boxed elementor-section-height-default elementor-section-height-default wpr-particle-no wpr-jarallax-no wpr-parallax-no wpr-sticky-section-no wpr-equal-height-no\" data-id=\"a540fbf\" data-element_type=\"section\" data-e-type=\"section\" data-settings=\"{&quot;_ha_eqh_enable&quot;:false}\">\n\t\t\t\t\t\t<div class=\"elementor-container elementor-column-gap-default\">\n\t\t\t\t\t<div class=\"elementor-column elementor-col-100 elementor-top-column elementor-element elementor-element-ed2dd1f\" data-id=\"ed2dd1f\" data-element_type=\"column\" data-e-type=\"column\">\n\t\t\t<div class=\"elementor-widget-wrap elementor-element-populated\">\n\t\t\t\t\t\t<div class=\"elementor-element elementor-element-2656cb6 elementor-widget elementor-widget-image\" data-id=\"2656cb6\" data-element_type=\"widget\" data-e-type=\"widget\" data-widget_type=\"image.default\">\n\t\t\t\t<div class=\"elementor-widget-container\">\n\t\t\t\t\t\t\t\t\t\t\t\t\t\t\t<img decoding=\"async\" src=\"https:\/\/www.kopernikusschule.de\/images\/logo_gedankenblitz.png\" title=\"\" alt=\"\" loading=\"lazy\" \/>\t\t\t\t\t\t\t\t\t\t\t\t\t\t\t<\/div>\n\t\t\t\t<\/div>\n\t\t\t\t\t<\/div>\n\t\t<\/div>\n\t\t\t\t\t<\/div>\n\t\t<\/section>\n\t\t\t\t<section class=\"elementor-section elementor-top-section elementor-element elementor-element-0f7494b elementor-section-boxed elementor-section-height-default elementor-section-height-default wpr-particle-no wpr-jarallax-no wpr-parallax-no wpr-sticky-section-no wpr-equal-height-no\" data-id=\"0f7494b\" data-element_type=\"section\" data-e-type=\"section\" data-settings=\"{&quot;_ha_eqh_enable&quot;:false}\">\n\t\t\t\t\t\t<div class=\"elementor-container elementor-column-gap-default\">\n\t\t\t\t\t<div class=\"elementor-column elementor-col-100 elementor-top-column elementor-element elementor-element-13d3098\" data-id=\"13d3098\" data-element_type=\"column\" data-e-type=\"column\">\n\t\t\t<div class=\"elementor-widget-wrap elementor-element-populated\">\n\t\t\t\t\t\t<div class=\"elementor-element elementor-element-ca16aa4 elementor-widget elementor-widget-heading\" data-id=\"ca16aa4\" data-element_type=\"widget\" data-e-type=\"widget\" data-widget_type=\"heading.default\">\n\t\t\t\t<div class=\"elementor-widget-container\">\n\t\t\t\t\t<h2 class=\"elementor-heading-title elementor-size-default\">Gedankenblitz 2015<\/h2>\t\t\t\t<\/div>\n\t\t\t\t<\/div>\n\t\t\t\t\t<\/div>\n\t\t<\/div>\n\t\t\t\t\t<\/div>\n\t\t<\/section>\n\t\t\t\t<section class=\"elementor-section elementor-top-section elementor-element elementor-element-e802dd0 elementor-section-boxed elementor-section-height-default elementor-section-height-default wpr-particle-no wpr-jarallax-no wpr-parallax-no wpr-sticky-section-no wpr-equal-height-no\" data-id=\"e802dd0\" data-element_type=\"section\" data-e-type=\"section\" data-settings=\"{&quot;_ha_eqh_enable&quot;:false}\">\n\t\t\t\t\t\t<div class=\"elementor-container elementor-column-gap-default\">\n\t\t\t\t\t<div class=\"elementor-column elementor-col-100 elementor-top-column elementor-element elementor-element-f8fc37a\" data-id=\"f8fc37a\" data-element_type=\"column\" data-e-type=\"column\">\n\t\t\t<div class=\"elementor-widget-wrap elementor-element-populated\">\n\t\t\t\t\t\t<div class=\"elementor-element elementor-element-99208b4 elementor-widget elementor-widget-text-editor\" data-id=\"99208b4\" data-element_type=\"widget\" data-e-type=\"widget\" data-widget_type=\"text-editor.default\">\n\t\t\t\t<div class=\"elementor-widget-container\">\n\t\t\t\t\t\t\t\t\t<p>Auch im Jahr 2015 nahm unsere Schule am GedankenBlitz Sch\u00fclerwettbewerb teil. In der Finalrunde galt es eine Seifenkiste zu bauen und mit dieser eine Strecke von ca. 220 Metern zur\u00fcckzulegen. Unser Team belegte hierbei den dritten Platz mit einer Gesamtbewertung von 6,95 Punkten.<\/p>\t\t\t\t\t\t\t\t<\/div>\n\t\t\t\t<\/div>\n\t\t\t\t\t<\/div>\n\t\t<\/div>\n\t\t\t\t\t<\/div>\n\t\t<\/section>\n\t\t\t\t<section class=\"elementor-section elementor-top-section elementor-element elementor-element-c024452 elementor-section-boxed elementor-section-height-default elementor-section-height-default wpr-particle-no wpr-jarallax-no wpr-parallax-no wpr-sticky-section-no wpr-equal-height-no\" data-id=\"c024452\" data-element_type=\"section\" data-e-type=\"section\" data-settings=\"{&quot;_ha_eqh_enable&quot;:false}\">\n\t\t\t\t\t\t<div class=\"elementor-container elementor-column-gap-default\">\n\t\t\t\t\t<div class=\"elementor-column elementor-col-100 elementor-top-column elementor-element elementor-element-1109c5f\" data-id=\"1109c5f\" data-element_type=\"column\" data-e-type=\"column\">\n\t\t\t<div class=\"elementor-widget-wrap elementor-element-populated\">\n\t\t\t\t\t\t<div class=\"elementor-element elementor-element-9876edb elementor-widget elementor-widget-image\" data-id=\"9876edb\" data-element_type=\"widget\" data-e-type=\"widget\" data-widget_type=\"image.default\">\n\t\t\t\t<div class=\"elementor-widget-container\">\n\t\t\t\t\t\t\t\t\t\t\t\t\t\t\t<img decoding=\"async\" src=\"https:\/\/www.kopernikusschule.de\/images\/gedankenblitz_2015_gruppenfotoseifenkiste.jpg\" title=\"\" alt=\"\" loading=\"lazy\" \/>\t\t\t\t\t\t\t\t\t\t\t\t\t\t\t<\/div>\n\t\t\t\t<\/div>\n\t\t\t\t<div class=\"elementor-element elementor-element-a326459 elementor-widget-divider--view-line elementor-widget elementor-widget-divider\" data-id=\"a326459\" data-element_type=\"widget\" data-e-type=\"widget\" data-widget_type=\"divider.default\">\n\t\t\t\t<div class=\"elementor-widget-container\">\n\t\t\t\t\t\t\t<div class=\"elementor-divider\">\n\t\t\t<span class=\"elementor-divider-separator\">\n\t\t\t\t\t\t<\/span>\n\t\t<\/div>\n\t\t\t\t\t\t<\/div>\n\t\t\t\t<\/div>\n\t\t\t\t\t<\/div>\n\t\t<\/div>\n\t\t\t\t\t<\/div>\n\t\t<\/section>\n\t\t\t\t<section class=\"elementor-section elementor-top-section elementor-element elementor-element-1635baf elementor-section-boxed elementor-section-height-default elementor-section-height-default wpr-particle-no wpr-jarallax-no wpr-parallax-no wpr-sticky-section-no wpr-equal-height-no\" data-id=\"1635baf\" data-element_type=\"section\" data-e-type=\"section\" data-settings=\"{&quot;_ha_eqh_enable&quot;:false}\">\n\t\t\t\t\t\t<div class=\"elementor-container elementor-column-gap-default\">\n\t\t\t\t\t<div class=\"elementor-column elementor-col-100 elementor-top-column elementor-element elementor-element-13459a8\" data-id=\"13459a8\" data-element_type=\"column\" data-e-type=\"column\">\n\t\t\t<div class=\"elementor-widget-wrap elementor-element-populated\">\n\t\t\t\t\t\t<div class=\"elementor-element elementor-element-5fb1a8c elementor-widget elementor-widget-heading\" data-id=\"5fb1a8c\" data-element_type=\"widget\" data-e-type=\"widget\" data-widget_type=\"heading.default\">\n\t\t\t\t<div class=\"elementor-widget-container\">\n\t\t\t\t\t<h2 class=\"elementor-heading-title elementor-size-default\">Gedankenblitz 2014 - Die Kopernikusschule Lippstadt siegt!<\/h2>\t\t\t\t<\/div>\n\t\t\t\t<\/div>\n\t\t\t\t\t<\/div>\n\t\t<\/div>\n\t\t\t\t\t<\/div>\n\t\t<\/section>\n\t\t\t\t<section class=\"elementor-section elementor-top-section elementor-element elementor-element-0b9e86f elementor-section-boxed elementor-section-height-default elementor-section-height-default wpr-particle-no wpr-jarallax-no wpr-parallax-no wpr-sticky-section-no wpr-equal-height-no\" data-id=\"0b9e86f\" data-element_type=\"section\" data-e-type=\"section\" data-settings=\"{&quot;_ha_eqh_enable&quot;:false}\">\n\t\t\t\t\t\t<div class=\"elementor-container elementor-column-gap-default\">\n\t\t\t\t\t<div class=\"elementor-column elementor-col-100 elementor-top-column elementor-element elementor-element-9d8c382\" data-id=\"9d8c382\" data-element_type=\"column\" data-e-type=\"column\">\n\t\t\t<div class=\"elementor-widget-wrap elementor-element-populated\">\n\t\t\t\t\t\t<div class=\"elementor-element elementor-element-332e802 elementor-widget elementor-widget-text-editor\" data-id=\"332e802\" data-element_type=\"widget\" data-e-type=\"widget\" data-widget_type=\"text-editor.default\">\n\t\t\t\t<div class=\"elementor-widget-container\">\n\t\t\t\t\t\t\t\t\t<p><span style=\"text-decoration: underline;\"><strong>Die Ibizia-Summer-Party mit Mike Candys<\/strong><\/span><\/p><p>Das Motto des diesj\u00e4hrigen GedankenBlitz-Hauptpreises lautete &#8222;Ibizia-Summer-Party&#8220; und es wurde wahrlich mit Leben gef\u00fcllt. Die Sonne lachte mit den G\u00e4sten um die Wette, es gab Pommes, Grillw\u00fcrstchen, Softdrinks, alkoholfreie Cocktails und Eis, Strohh\u00fcte, Sonnenbrillen und Wasserb\u00e4lle. Selbst f\u00fcr ein St\u00fcckchen feinen Sandstrand war gesorgt.<\/p><p>Nach und f\u00fcllte sich das Partygel\u00e4nde mit Sch\u00fclerinnen, Sch\u00fclern und dem Lehrerkollegium. DJ Ramon M sorgte mit seinen beats f\u00fcr das richtige Summer-Feeling, bevor dann das Programm auf der gro\u00dfen Showb\u00fchne startete. Unter tosendem Applaus berichtete Schulleiterin Frau Seifert im Interview mit Hellweg Radio-Moderator Kevin Zimmer, wie stolz sie auf ihr Gedankenblitz-Team der Kopernikusschule Lippstadt ist.<\/p><p>F\u00fcr G\u00e4nsehaut sorgte dann Patrizia Neuhaus. Das junge M\u00e4dchen aus Ense trat als \u00dcberraschungsgast auf und sang brillant drei Songs aus ihrem Repertoire. Bei der Sendung &#8222;The Voice Kids&#8220; hatte sie Anfang des Jahres mit ihrer eindrucksvollen Stimme f\u00fcr Furore gesorgt &#8211; warum, das wurde nun allen klar.<\/p><p>Jetzt wurde es Zeit, dass das siegreiche Gedankenblitz-Team auf die B\u00fchne trat. Zu Recht brandete riesiger Jubel auf, denn ohne ihre beeindruckende Leistung g\u00e4be es an diesem Tag keine so einmalige Party an der Kopernikusschule. Dieses Team hat Gro\u00dfartiges geleistet.<\/p><p>F\u00fcr die Helden gab es daher noch eine besondere Belohnung. W\u00e4hrend drau\u00dfen auf der B\u00fchne die Show mit Tanz- und Trommelvorf\u00fchrungen weiterging, konnten sie im VIP-Bereich den gro\u00dfen Star der Party pers\u00f6nlich treffen. Denn mittlerweile war DJ Mike Candys eingetroffen. Nat\u00fcrlich gratulierte er dem siegreichen Team, gab Autogramme und stand f\u00fcr Erinnerungsfotos bereit.<\/p><p>Und pl\u00f6tzlich war es soweit! Die Nebelmaschine k\u00fcnditgte den Auftritt des Weltstars an. Dann wurde es laut. Mike Candys zeigte sein ganzes K\u00f6nnen an den Plattentellern, mischte seine eigenen gro\u00dfen Hits mit weiteren aktuellen Chartst\u00fcrmern zu einer au\u00dfergew\u00f6hnlichen Komposition. Nat\u00fcrlich durfte dabei sein Markenzeichen, der gelbe Smiley-Helm, nicht fehlen. Die Menge tobte, die Menge tanzte, die Menge schrie, die Menge warf die Arme nach oben!<\/p><p>Nat\u00fcrlich stand der Star noch f\u00fcr Autogramme bereit, bevor er mit dem Jet zum n\u00e4chsten Auftritt flog und an der Kopernikusschule langsam wieder die Normalit\u00e4t Einzug hielt. Doch die Erinnerung an den GedankenBlitz 2015 und diese einmalige, exklusive Ibiza-Summer-Party wird ganz sicher bleiben.<\/p>\t\t\t\t\t\t\t\t<\/div>\n\t\t\t\t<\/div>\n\t\t\t\t\t<\/div>\n\t\t<\/div>\n\t\t\t\t\t<\/div>\n\t\t<\/section>\n\t\t\t\t<section class=\"elementor-section elementor-top-section elementor-element elementor-element-0bf0109 elementor-section-boxed elementor-section-height-default elementor-section-height-default wpr-particle-no wpr-jarallax-no wpr-parallax-no wpr-sticky-section-no wpr-equal-height-no\" data-id=\"0bf0109\" data-element_type=\"section\" data-e-type=\"section\" data-settings=\"{&quot;_ha_eqh_enable&quot;:false}\">\n\t\t\t\t\t\t<div class=\"elementor-container elementor-column-gap-default\">\n\t\t\t\t\t<div class=\"elementor-column elementor-col-100 elementor-top-column elementor-element elementor-element-77021bb\" data-id=\"77021bb\" data-element_type=\"column\" data-e-type=\"column\">\n\t\t\t<div class=\"elementor-widget-wrap elementor-element-populated\">\n\t\t\t\t\t\t<div class=\"elementor-element elementor-element-80f0b4d elementor-widget elementor-widget-video\" data-id=\"80f0b4d\" data-element_type=\"widget\" data-e-type=\"widget\" data-settings=\"{&quot;youtube_url&quot;:&quot;https:\\\/\\\/www.youtube.com\\\/watch?v=k4S3UMeV6B0&quot;,&quot;video_type&quot;:&quot;youtube&quot;,&quot;controls&quot;:&quot;yes&quot;}\" data-widget_type=\"video.default\">\n\t\t\t\t<div class=\"elementor-widget-container\">\n\t\t\t\t\t\t\t<div class=\"elementor-wrapper elementor-open-inline\">\n\t\t\t<div class=\"elementor-video\"><\/div>\t\t<\/div>\n\t\t\t\t\t\t<\/div>\n\t\t\t\t<\/div>\n\t\t\t\t\t<\/div>\n\t\t<\/div>\n\t\t\t\t\t<\/div>\n\t\t<\/section>\n\t\t\t\t<\/div>\n\t\t","protected":false},"excerpt":{"rendered":"<p>Gedankenblitz 2015 Auch im Jahr 2015 nahm unsere Schule am GedankenBlitz Sch\u00fclerwettbewerb teil. In der Finalrunde galt es eine Seifenkiste zu bauen und mit dieser eine Strecke von ca. 220&#8230;<\/p>\n","protected":false},"author":1,"featured_media":0,"parent":0,"menu_order":0,"comment_status":"closed","ping_status":"closed","template":"","meta":{"footnotes":""},"class_list":["post-207","page","type-page","status-publish","hentry","entry"],"featured_image_src":null,"_links":{"self":[{"href":"https:\/\/www.kopernikusschule.de\/cms\/wp-json\/wp\/v2\/pages\/207","targetHints":{"allow":["GET"]}}],"collection":[{"href":"https:\/\/www.kopernikusschule.de\/cms\/wp-json\/wp\/v2\/pages"}],"about":[{"href":"https:\/\/www.kopernikusschule.de\/cms\/wp-json\/wp\/v2\/types\/page"}],"author":[{"embeddable":true,"href":"https:\/\/www.kopernikusschule.de\/cms\/wp-json\/wp\/v2\/users\/1"}],"replies":[{"embeddable":true,"href":"https:\/\/www.kopernikusschule.de\/cms\/wp-json\/wp\/v2\/comments?post=207"}],"version-history":[{"count":7,"href":"https:\/\/www.kopernikusschule.de\/cms\/wp-json\/wp\/v2\/pages\/207\/revisions"}],"predecessor-version":[{"id":305,"href":"https:\/\/www.kopernikusschule.de\/cms\/wp-json\/wp\/v2\/pages\/207\/revisions\/305"}],"wp:attachment":[{"href":"https:\/\/www.kopernikusschule.de\/cms\/wp-json\/wp\/v2\/media?parent=207"}],"curies":[{"name":"wp","href":"https:\/\/api.w.org\/{rel}","templated":true}]}}