{"id":205,"date":"2023-01-07T13:39:27","date_gmt":"2023-01-07T12:39:27","guid":{"rendered":"https:\/\/www.kopernikusschule.de\/cms\/?page_id=205"},"modified":"2023-01-09T08:54:30","modified_gmt":"2023-01-09T07:54:30","slug":"schule-ohne-rassismus","status":"publish","type":"page","link":"https:\/\/www.kopernikusschule.de\/cms\/schule-ohne-rassismus\/","title":{"rendered":"Schule ohne Rassismus"},"content":{"rendered":"\t\t<div data-elementor-type=\"wp-page\" data-elementor-id=\"205\" class=\"elementor elementor-205\" data-elementor-settings=\"{&quot;ha_cmc_init_switcher&quot;:&quot;no&quot;}\">\n\t\t\t\t\t\t<section class=\"elementor-section elementor-top-section elementor-element elementor-element-b7364a9 elementor-section-boxed elementor-section-height-default elementor-section-height-default wpr-particle-no wpr-jarallax-no wpr-parallax-no wpr-sticky-section-no wpr-equal-height-no\" data-id=\"b7364a9\" data-element_type=\"section\" data-e-type=\"section\" data-settings=\"{&quot;_ha_eqh_enable&quot;:false}\">\n\t\t\t\t\t\t<div class=\"elementor-container elementor-column-gap-default\">\n\t\t\t\t\t<div class=\"elementor-column elementor-col-100 elementor-top-column elementor-element elementor-element-420183a\" data-id=\"420183a\" data-element_type=\"column\" data-e-type=\"column\">\n\t\t\t<div class=\"elementor-widget-wrap elementor-element-populated\">\n\t\t\t\t\t\t<div class=\"elementor-element elementor-element-2b690ec elementor-widget elementor-widget-image\" data-id=\"2b690ec\" data-element_type=\"widget\" data-e-type=\"widget\" data-widget_type=\"image.default\">\n\t\t\t\t<div class=\"elementor-widget-container\">\n\t\t\t\t\t\t\t\t\t\t\t\t\t\t\t<img decoding=\"async\" src=\"https:\/\/www.kopernikusschule.de\/images\/logo_sorsmc_klein.png\" title=\"\" alt=\"\" loading=\"lazy\" \/>\t\t\t\t\t\t\t\t\t\t\t\t\t\t\t<\/div>\n\t\t\t\t<\/div>\n\t\t\t\t\t<\/div>\n\t\t<\/div>\n\t\t\t\t\t<\/div>\n\t\t<\/section>\n\t\t\t\t<section class=\"elementor-section elementor-top-section elementor-element elementor-element-dce26a2 elementor-section-boxed elementor-section-height-default elementor-section-height-default wpr-particle-no wpr-jarallax-no wpr-parallax-no wpr-sticky-section-no wpr-equal-height-no\" data-id=\"dce26a2\" data-element_type=\"section\" data-e-type=\"section\" data-settings=\"{&quot;_ha_eqh_enable&quot;:false}\">\n\t\t\t\t\t\t<div class=\"elementor-container elementor-column-gap-default\">\n\t\t\t\t\t<div class=\"elementor-column elementor-col-100 elementor-top-column elementor-element elementor-element-aa7924e\" data-id=\"aa7924e\" data-element_type=\"column\" data-e-type=\"column\">\n\t\t\t<div class=\"elementor-widget-wrap elementor-element-populated\">\n\t\t\t\t\t\t<div class=\"elementor-element elementor-element-bdc95e3 elementor-widget elementor-widget-text-editor\" data-id=\"bdc95e3\" data-element_type=\"widget\" data-e-type=\"widget\" data-widget_type=\"text-editor.default\">\n\t\t\t\t<div class=\"elementor-widget-container\">\n\t\t\t\t\t\t\t\t\t<p>Seit dem 17.12.2015 geh\u00f6rt die Kopernikusschule, als f\u00fcnfte Lehranstalt in Lippstadt, zum bundesweiten Netzwerk &#8222;Schule ohne Rassismus &#8211; Schule mit Courage&#8220;.<\/p><blockquote><p>Im Rahmen einer bunten Zertifizierungsfeier mit Musikeinlagen, Ansprachen und einer Videocollage wurden die Urkunde und die Plakette durch Frau Sabrina R\u00f6glin vom Kommunalen Integrationszentrum Kreis Soest feierlich \u00fcberreicht. In der bis auf den letzten Platz gef\u00fcllten Mensa konnte Schulleiterin Claudia Seifert dazu u.a. den stellvertretenden B\u00fcrgermeister Franz Gausemeier, den ehemaligen Schulleiter Peter Hoffmann und den Fachdienstleister Schule der Stadt Lippstadt, Uwe Thiesmann, begr\u00fc\u00dfen. Ihre besondere Ansprache galt aber den Sch\u00fclerinnen und Sch\u00fclern, die sich f\u00fcr das Projekt engagiert haben und sich daf\u00fcr stark machen, Rassismus und Diskriminierung keine Chance zu geben. &#8222;In unserer Schule stellen wir die Gemeinsamkeiten in den Vordergrund und verstehen die Unterschiedlichkeiten als Bereicherung&#8220;, so Claudia Seifert.<\/p><\/blockquote><p><em>(Presseservice Stadt Lippstadt)<\/em><\/p>\t\t\t\t\t\t\t\t<\/div>\n\t\t\t\t<\/div>\n\t\t\t\t\t<\/div>\n\t\t<\/div>\n\t\t\t\t\t<\/div>\n\t\t<\/section>\n\t\t\t\t<section class=\"elementor-section elementor-top-section elementor-element elementor-element-7f08330 elementor-section-boxed elementor-section-height-default elementor-section-height-default wpr-particle-no wpr-jarallax-no wpr-parallax-no wpr-sticky-section-no wpr-equal-height-no\" data-id=\"7f08330\" data-element_type=\"section\" data-e-type=\"section\" data-settings=\"{&quot;_ha_eqh_enable&quot;:false}\">\n\t\t\t\t\t\t<div class=\"elementor-container elementor-column-gap-default\">\n\t\t\t\t\t<div class=\"elementor-column elementor-col-100 elementor-top-column elementor-element elementor-element-76fef36\" data-id=\"76fef36\" data-element_type=\"column\" data-e-type=\"column\">\n\t\t\t<div class=\"elementor-widget-wrap elementor-element-populated\">\n\t\t\t\t\t\t<div class=\"elementor-element elementor-element-4c49594 elementor-widget elementor-widget-image\" data-id=\"4c49594\" data-element_type=\"widget\" data-e-type=\"widget\" data-widget_type=\"image.default\">\n\t\t\t\t<div class=\"elementor-widget-container\">\n\t\t\t\t\t\t\t\t\t\t\t\t\t\t\t<img decoding=\"async\" src=\"https:\/\/www.kopernikusschule.de\/images\/gruppenfoto_sorsmc.jpg\" title=\"\" alt=\"\" loading=\"lazy\" \/>\t\t\t\t\t\t\t\t\t\t\t\t\t\t\t<\/div>\n\t\t\t\t<\/div>\n\t\t\t\t\t<\/div>\n\t\t<\/div>\n\t\t\t\t\t<\/div>\n\t\t<\/section>\n\t\t\t\t<section class=\"elementor-section elementor-top-section elementor-element elementor-element-4708d43 elementor-section-boxed elementor-section-height-default elementor-section-height-default wpr-particle-no wpr-jarallax-no wpr-parallax-no wpr-sticky-section-no wpr-equal-height-no\" data-id=\"4708d43\" data-element_type=\"section\" data-e-type=\"section\" data-settings=\"{&quot;_ha_eqh_enable&quot;:false}\">\n\t\t\t\t\t\t<div class=\"elementor-container elementor-column-gap-default\">\n\t\t\t\t\t<div class=\"elementor-column elementor-col-100 elementor-top-column elementor-element elementor-element-db76ddb\" data-id=\"db76ddb\" data-element_type=\"column\" data-e-type=\"column\">\n\t\t\t<div class=\"elementor-widget-wrap elementor-element-populated\">\n\t\t\t\t\t\t<div class=\"elementor-element elementor-element-8a93108 elementor-widget-divider--view-line elementor-widget elementor-widget-divider\" data-id=\"8a93108\" data-element_type=\"widget\" data-e-type=\"widget\" data-widget_type=\"divider.default\">\n\t\t\t\t<div class=\"elementor-widget-container\">\n\t\t\t\t\t\t\t<div class=\"elementor-divider\">\n\t\t\t<span class=\"elementor-divider-separator\">\n\t\t\t\t\t\t<\/span>\n\t\t<\/div>\n\t\t\t\t\t\t<\/div>\n\t\t\t\t<\/div>\n\t\t\t\t\t<\/div>\n\t\t<\/div>\n\t\t\t\t\t<\/div>\n\t\t<\/section>\n\t\t\t\t<section class=\"elementor-section elementor-top-section elementor-element elementor-element-ace4826 elementor-section-boxed elementor-section-height-default elementor-section-height-default wpr-particle-no wpr-jarallax-no wpr-parallax-no wpr-sticky-section-no wpr-equal-height-no\" data-id=\"ace4826\" data-element_type=\"section\" data-e-type=\"section\" data-settings=\"{&quot;_ha_eqh_enable&quot;:false}\">\n\t\t\t\t\t\t<div class=\"elementor-container elementor-column-gap-default\">\n\t\t\t\t\t<div class=\"elementor-column elementor-col-100 elementor-top-column elementor-element elementor-element-7e98771\" data-id=\"7e98771\" data-element_type=\"column\" data-e-type=\"column\">\n\t\t\t<div class=\"elementor-widget-wrap elementor-element-populated\">\n\t\t\t\t\t\t<div class=\"elementor-element elementor-element-d48b9fa elementor-widget elementor-widget-heading\" data-id=\"d48b9fa\" data-element_type=\"widget\" data-e-type=\"widget\" data-widget_type=\"heading.default\">\n\t\t\t\t<div class=\"elementor-widget-container\">\n\t\t\t\t\t<h2 class=\"elementor-heading-title elementor-size-default\">Mo Asumang und der Dokumentationsfilm \u201eDer Arier\u201c<\/h2>\t\t\t\t<\/div>\n\t\t\t\t<\/div>\n\t\t\t\t<div class=\"elementor-element elementor-element-a5769ff elementor-widget elementor-widget-text-editor\" data-id=\"a5769ff\" data-element_type=\"widget\" data-e-type=\"widget\" data-widget_type=\"text-editor.default\">\n\t\t\t\t<div class=\"elementor-widget-container\">\n\t\t\t\t\t\t\t\t\t<p>60 Sch\u00fclerinnen und Sch\u00fcler der neunten Klassen durften am 10.10.2018 Mo Asumang und ihren Dokumentationsfilm &#8222;Der Arier&#8220; kennenlernen. In dem Film setzt sich Mo Asumang, selbst Afrodeutsche, mit verschiedenen rassistischen Gruppen auseinander. Sie stellt sich den Gruppen und stellt diesen Gruppen Fragen.\u00a0<\/p><p>Frau Asumang startet mit einer Vorleserunde aus ihrem Buch, in dem sie aus ihrem Leben berichtet, anschlie\u00dfend wird ihr Dokumentationsfilm gezeigt. Zum Schluss beantwortet sie Fragen der Sch\u00fclerinnen und Sch\u00fclern. &#8222;Hatten Sie keine Angst?&#8220; fragt einer der 9-Kl\u00e4ssler Frau Asumang, in der an den Film anschlie\u00dfenden Fragerunde. &#8222;Ich hatte Angst\u2026&#8220;, antwortet Frau Asumang. Die Sch\u00fclerinnen und Sch\u00fcler bewundern den Mut dieser Frau. Dieses Filmprojekt hat ihnen einiges zu denken gegeben, viele von ihnen haben selbst einen Migrationshintergrund. Der Dokumentationsfilm und die Worte von Frau Asumang stimmen sie nachdenklich.<\/p>\t\t\t\t\t\t\t\t<\/div>\n\t\t\t\t<\/div>\n\t\t\t\t\t<\/div>\n\t\t<\/div>\n\t\t\t\t\t<\/div>\n\t\t<\/section>\n\t\t\t\t<section class=\"elementor-section elementor-top-section elementor-element elementor-element-5f3ea8d elementor-section-boxed elementor-section-height-default elementor-section-height-default wpr-particle-no wpr-jarallax-no wpr-parallax-no wpr-sticky-section-no wpr-equal-height-no\" data-id=\"5f3ea8d\" data-element_type=\"section\" data-e-type=\"section\" data-settings=\"{&quot;_ha_eqh_enable&quot;:false}\">\n\t\t\t\t\t\t<div class=\"elementor-container elementor-column-gap-default\">\n\t\t\t\t\t<div class=\"elementor-column elementor-col-100 elementor-top-column elementor-element elementor-element-1c6b412\" data-id=\"1c6b412\" data-element_type=\"column\" data-e-type=\"column\">\n\t\t\t<div class=\"elementor-widget-wrap elementor-element-populated\">\n\t\t\t\t\t\t<div class=\"elementor-element elementor-element-7d4de47 elementor-widget elementor-widget-image\" data-id=\"7d4de47\" data-element_type=\"widget\" data-e-type=\"widget\" data-widget_type=\"image.default\">\n\t\t\t\t<div class=\"elementor-widget-container\">\n\t\t\t\t\t\t\t\t\t\t\t\t\t\t\t<img decoding=\"async\" src=\"https:\/\/www.kopernikusschule.de\/images\/cover.jpg\" title=\"\" alt=\"\" loading=\"lazy\" \/>\t\t\t\t\t\t\t\t\t\t\t\t\t\t\t<\/div>\n\t\t\t\t<\/div>\n\t\t\t\t\t<\/div>\n\t\t<\/div>\n\t\t\t\t\t<\/div>\n\t\t<\/section>\n\t\t\t\t<\/div>\n\t\t","protected":false},"excerpt":{"rendered":"<p>Seit dem 17.12.2015 geh\u00f6rt die Kopernikusschule, als f\u00fcnfte Lehranstalt in Lippstadt, zum bundesweiten Netzwerk &#8222;Schule ohne Rassismus &#8211; Schule mit Courage&#8220;. Im Rahmen einer bunten Zertifizierungsfeier mit Musikeinlagen, Ansprachen und&#8230;<\/p>\n","protected":false},"author":1,"featured_media":0,"parent":0,"menu_order":0,"comment_status":"closed","ping_status":"closed","template":"","meta":{"footnotes":""},"class_list":["post-205","page","type-page","status-publish","hentry","entry"],"featured_image_src":null,"_links":{"self":[{"href":"https:\/\/www.kopernikusschule.de\/cms\/wp-json\/wp\/v2\/pages\/205","targetHints":{"allow":["GET"]}}],"collection":[{"href":"https:\/\/www.kopernikusschule.de\/cms\/wp-json\/wp\/v2\/pages"}],"about":[{"href":"https:\/\/www.kopernikusschule.de\/cms\/wp-json\/wp\/v2\/types\/page"}],"author":[{"embeddable":true,"href":"https:\/\/www.kopernikusschule.de\/cms\/wp-json\/wp\/v2\/users\/1"}],"replies":[{"embeddable":true,"href":"https:\/\/www.kopernikusschule.de\/cms\/wp-json\/wp\/v2\/comments?post=205"}],"version-history":[{"count":4,"href":"https:\/\/www.kopernikusschule.de\/cms\/wp-json\/wp\/v2\/pages\/205\/revisions"}],"predecessor-version":[{"id":309,"href":"https:\/\/www.kopernikusschule.de\/cms\/wp-json\/wp\/v2\/pages\/205\/revisions\/309"}],"wp:attachment":[{"href":"https:\/\/www.kopernikusschule.de\/cms\/wp-json\/wp\/v2\/media?parent=205"}],"curies":[{"name":"wp","href":"https:\/\/api.w.org\/{rel}","templated":true}]}}

<div data-elementor-type="wp-page" data-elementor-id="205" class="elementor elementor-205" data-elementor-settings="{&quot;ha_cmc_init_switcher&quot;:&quot;no&quot;}">
						<section class="elementor-section elementor-top-section elementor-element elementor-element-b7364a9 elementor-section-boxed elementor-section-height-default elementor-section-height-default wpr-particle-no wpr-jarallax-no wpr-parallax-no wpr-sticky-section-no wpr-equal-height-no" data-id="b7364a9" data-element_type="section" data-e-type="section" data-settings="{&quot;_ha_eqh_enable&quot;:false}">
						<div class="elementor-container elementor-column-gap-default">
					<div class="elementor-column elementor-col-100 elementor-top-column elementor-element elementor-element-420183a" data-id="420183a" data-element_type="column" data-e-type="column">
			<div class="elementor-widget-wrap elementor-element-populated">
						<div class="elementor-element elementor-element-2b690ec elementor-widget elementor-widget-image" data-id="2b690ec" data-element_type="widget" data-e-type="widget" data-widget_type="image.default">
				<div class="elementor-widget-container">
															<img decoding="async" src="https://www.kopernikusschule.de/images/logo_sorsmc_klein.png" title="" alt="" loading="lazy" />															</div>
				</div>
					</div>
		</div>
					</div>
		</section>
				<section class="elementor-section elementor-top-section elementor-element elementor-element-dce26a2 elementor-section-boxed elementor-section-height-default elementor-section-height-default wpr-particle-no wpr-jarallax-no wpr-parallax-no wpr-sticky-section-no wpr-equal-height-no" data-id="dce26a2" data-element_type="section" data-e-type="section" data-settings="{&quot;_ha_eqh_enable&quot;:false}">
						<div class="elementor-container elementor-column-gap-default">
					<div class="elementor-column elementor-col-100 elementor-top-column elementor-element elementor-element-aa7924e" data-id="aa7924e" data-element_type="column" data-e-type="column">
			<div class="elementor-widget-wrap elementor-element-populated">
						<div class="elementor-element elementor-element-bdc95e3 elementor-widget elementor-widget-text-editor" data-id="bdc95e3" data-element_type="widget" data-e-type="widget" data-widget_type="text-editor.default">
				<div class="elementor-widget-container">
									<p>Seit dem 17.12.2015 gehört die Kopernikusschule, als fünfte Lehranstalt in Lippstadt, zum bundesweiten Netzwerk &#8222;Schule ohne Rassismus &#8211; Schule mit Courage&#8220;.</p><blockquote><p>Im Rahmen einer bunten Zertifizierungsfeier mit Musikeinlagen, Ansprachen und einer Videocollage wurden die Urkunde und die Plakette durch Frau Sabrina Röglin vom Kommunalen Integrationszentrum Kreis Soest feierlich überreicht. In der bis auf den letzten Platz gefüllten Mensa konnte Schulleiterin Claudia Seifert dazu u.a. den stellvertretenden Bürgermeister Franz Gausemeier, den ehemaligen Schulleiter Peter Hoffmann und den Fachdienstleister Schule der Stadt Lippstadt, Uwe Thiesmann, begrüßen. Ihre besondere Ansprache galt aber den Schülerinnen und Schülern, die sich für das Projekt engagiert haben und sich dafür stark machen, Rassismus und Diskriminierung keine Chance zu geben. &#8222;In unserer Schule stellen wir die Gemeinsamkeiten in den Vordergrund und verstehen die Unterschiedlichkeiten als Bereicherung&#8220;, so Claudia Seifert.</p></blockquote><p><em>(Presseservice Stadt Lippstadt)</em></p>								</div>
				</div>
					</div>
		</div>
					</div>
		</section>
				<section class="elementor-section elementor-top-section elementor-element elementor-element-7f08330 elementor-section-boxed elementor-section-height-default elementor-section-height-default wpr-particle-no wpr-jarallax-no wpr-parallax-no wpr-sticky-section-no wpr-equal-height-no" data-id="7f08330" data-element_type="section" data-e-type="section" data-settings="{&quot;_ha_eqh_enable&quot;:false}">
						<div class="elementor-container elementor-column-gap-default">
					<div class="elementor-column elementor-col-100 elementor-top-column elementor-element elementor-element-76fef36" data-id="76fef36" data-element_type="column" data-e-type="column">
			<div class="elementor-widget-wrap elementor-element-populated">
						<div class="elementor-element elementor-element-4c49594 elementor-widget elementor-widget-image" data-id="4c49594" data-element_type="widget" data-e-type="widget" data-widget_type="image.default">
				<div class="elementor-widget-container">
															<img decoding="async" src="https://www.kopernikusschule.de/images/gruppenfoto_sorsmc.jpg" title="" alt="" loading="lazy" />															</div>
				</div>
					</div>
		</div>
					</div>
		</section>
				<section class="elementor-section elementor-top-section elementor-element elementor-element-4708d43 elementor-section-boxed elementor-section-height-default elementor-section-height-default wpr-particle-no wpr-jarallax-no wpr-parallax-no wpr-sticky-section-no wpr-equal-height-no" data-id="4708d43" data-element_type="section" data-e-type="section" data-settings="{&quot;_ha_eqh_enable&quot;:false}">
						<div class="elementor-container elementor-column-gap-default">
					<div class="elementor-column elementor-col-100 elementor-top-column elementor-element elementor-element-db76ddb" data-id="db76ddb" data-element_type="column" data-e-type="column">
			<div class="elementor-widget-wrap elementor-element-populated">
						<div class="elementor-element elementor-element-8a93108 elementor-widget-divider--view-line elementor-widget elementor-widget-divider" data-id="8a93108" data-element_type="widget" data-e-type="widget" data-widget_type="divider.default">
				<div class="elementor-widget-container">
							<div class="elementor-divider">
			<span class="elementor-divider-separator">
						</span>
		</div>
						</div>
				</div>
					</div>
		</div>
					</div>
		</section>
				<section class="elementor-section elementor-top-section elementor-element elementor-element-ace4826 elementor-section-boxed elementor-section-height-default elementor-section-height-default wpr-particle-no wpr-jarallax-no wpr-parallax-no wpr-sticky-section-no wpr-equal-height-no" data-id="ace4826" data-element_type="section" data-e-type="section" data-settings="{&quot;_ha_eqh_enable&quot;:false}">
						<div class="elementor-container elementor-column-gap-default">
					<div class="elementor-column elementor-col-100 elementor-top-column elementor-element elementor-element-7e98771" data-id="7e98771" data-element_type="column" data-e-type="column">
			<div class="elementor-widget-wrap elementor-element-populated">
						<div class="elementor-element elementor-element-d48b9fa elementor-widget elementor-widget-heading" data-id="d48b9fa" data-element_type="widget" data-e-type="widget" data-widget_type="heading.default">
				<div class="elementor-widget-container">
					<h2 class="elementor-heading-title elementor-size-default">Mo Asumang und der Dokumentationsfilm „Der Arier“</h2>				</div>
				</div>
				<div class="elementor-element elementor-element-a5769ff elementor-widget elementor-widget-text-editor" data-id="a5769ff" data-element_type="widget" data-e-type="widget" data-widget_type="text-editor.default">
				<div class="elementor-widget-container">
									<p>60 Schülerinnen und Schüler der neunten Klassen durften am 10.10.2018 Mo Asumang und ihren Dokumentationsfilm &#8222;Der Arier&#8220; kennenlernen. In dem Film setzt sich Mo Asumang, selbst Afrodeutsche, mit verschiedenen rassistischen Gruppen auseinander. Sie stellt sich den Gruppen und stellt diesen Gruppen Fragen. </p><p>Frau Asumang startet mit einer Vorleserunde aus ihrem Buch, in dem sie aus ihrem Leben berichtet, anschließend wird ihr Dokumentationsfilm gezeigt. Zum Schluss beantwortet sie Fragen der Schülerinnen und Schülern. &#8222;Hatten Sie keine Angst?&#8220; fragt einer der 9-Klässler Frau Asumang, in der an den Film anschließenden Fragerunde. &#8222;Ich hatte Angst…&#8220;, antwortet Frau Asumang. Die Schülerinnen und Schüler bewundern den Mut dieser Frau. Dieses Filmprojekt hat ihnen einiges zu denken gegeben, viele von ihnen haben selbst einen Migrationshintergrund. Der Dokumentationsfilm und die Worte von Frau Asumang stimmen sie nachdenklich.</p>								</div>
				</div>
					</div>
		</div>
					</div>
		</section>
				<section class="elementor-section elementor-top-section elementor-element elementor-element-5f3ea8d elementor-section-boxed elementor-section-height-default elementor-section-height-default wpr-particle-no wpr-jarallax-no wpr-parallax-no wpr-sticky-section-no wpr-equal-height-no" data-id="5f3ea8d" data-element_type="section" data-e-type="section" data-settings="{&quot;_ha_eqh_enable&quot;:false}">
						<div class="elementor-container elementor-column-gap-default">
					<div class="elementor-column elementor-col-100 elementor-top-column elementor-element elementor-element-1c6b412" data-id="1c6b412" data-element_type="column" data-e-type="column">
			<div class="elementor-widget-wrap elementor-element-populated">
						<div class="elementor-element elementor-element-7d4de47 elementor-widget elementor-widget-image" data-id="7d4de47" data-element_type="widget" data-e-type="widget" data-widget_type="image.default">
				<div class="elementor-widget-container">
															<img decoding="async" src="https://www.kopernikusschule.de/images/cover.jpg" title="" alt="" loading="lazy" />															</div>
				</div>
					</div>
		</div>
					</div>
		</section>
				</div>

<p>Seit dem 17.12.2015 gehört die Kopernikusschule, als fünfte Lehranstalt in Lippstadt, zum bundesweiten Netzwerk &#8222;Schule ohne Rassismus &#8211; Schule mit Courage&#8220;. Im Rahmen einer bunten Zertifizierungsfeier mit Musikeinlagen, Ansprachen und&#8230;</p>
