{"id":201,"date":"2023-01-07T13:38:28","date_gmt":"2023-01-07T12:38:28","guid":{"rendered":"https:\/\/www.kopernikusschule.de\/cms\/?page_id=201"},"modified":"2023-01-09T09:37:33","modified_gmt":"2023-01-09T08:37:33","slug":"klimaschule","status":"publish","type":"page","link":"https:\/\/www.kopernikusschule.de\/cms\/klimaschule\/","title":{"rendered":"Klimaschule"},"content":{"rendered":"\t\t<div data-elementor-type=\"wp-page\" data-elementor-id=\"201\" class=\"elementor elementor-201\" data-elementor-settings=\"{&quot;ha_cmc_init_switcher&quot;:&quot;no&quot;}\">\n\t\t\t\t\t\t<section class=\"elementor-section elementor-top-section elementor-element elementor-element-5449d3b elementor-section-boxed elementor-section-height-default elementor-section-height-default wpr-particle-no wpr-jarallax-no wpr-parallax-no wpr-sticky-section-no wpr-equal-height-no\" data-id=\"5449d3b\" data-element_type=\"section\" data-e-type=\"section\" data-settings=\"{&quot;_ha_eqh_enable&quot;:false}\">\n\t\t\t\t\t\t<div class=\"elementor-container elementor-column-gap-default\">\n\t\t\t\t\t<div class=\"elementor-column elementor-col-100 elementor-top-column elementor-element elementor-element-9e5d95c\" data-id=\"9e5d95c\" data-element_type=\"column\" data-e-type=\"column\">\n\t\t\t<div class=\"elementor-widget-wrap elementor-element-populated\">\n\t\t\t\t\t\t<div class=\"elementor-element elementor-element-7494c9e elementor-widget elementor-widget-heading\" data-id=\"7494c9e\" data-element_type=\"widget\" data-e-type=\"widget\" data-widget_type=\"heading.default\">\n\t\t\t\t<div class=\"elementor-widget-container\">\n\t\t\t\t\t<h2 class=\"elementor-heading-title elementor-size-default\">Kopernikusschule ist Klimaschule<\/h2>\t\t\t\t<\/div>\n\t\t\t\t<\/div>\n\t\t\t\t\t<\/div>\n\t\t<\/div>\n\t\t\t\t\t<\/div>\n\t\t<\/section>\n\t\t\t\t<section class=\"elementor-section elementor-top-section elementor-element elementor-element-965a730 elementor-section-boxed elementor-section-height-default elementor-section-height-default wpr-particle-no wpr-jarallax-no wpr-parallax-no wpr-sticky-section-no wpr-equal-height-no\" data-id=\"965a730\" data-element_type=\"section\" data-e-type=\"section\" data-settings=\"{&quot;_ha_eqh_enable&quot;:false}\">\n\t\t\t\t\t\t<div class=\"elementor-container elementor-column-gap-default\">\n\t\t\t\t\t<div class=\"elementor-column elementor-col-100 elementor-top-column elementor-element elementor-element-4cb526c\" data-id=\"4cb526c\" data-element_type=\"column\" data-e-type=\"column\">\n\t\t\t<div class=\"elementor-widget-wrap elementor-element-populated\">\n\t\t\t\t\t\t<div class=\"elementor-element elementor-element-0c1b96d elementor-widget elementor-widget-image\" data-id=\"0c1b96d\" data-element_type=\"widget\" data-e-type=\"widget\" data-widget_type=\"image.default\">\n\t\t\t\t<div class=\"elementor-widget-container\">\n\t\t\t\t\t\t\t\t\t\t\t\t\t\t\t<img decoding=\"async\" src=\"https:\/\/www.kopernikusschule.de\/images\/logo_klimaschule.jpg\" title=\"\" alt=\"\" loading=\"lazy\" \/>\t\t\t\t\t\t\t\t\t\t\t\t\t\t\t<\/div>\n\t\t\t\t<\/div>\n\t\t\t\t\t<\/div>\n\t\t<\/div>\n\t\t\t\t\t<\/div>\n\t\t<\/section>\n\t\t\t\t<section class=\"elementor-section elementor-top-section elementor-element elementor-element-4885436 elementor-section-boxed elementor-section-height-default elementor-section-height-default wpr-particle-no wpr-jarallax-no wpr-parallax-no wpr-sticky-section-no wpr-equal-height-no\" data-id=\"4885436\" data-element_type=\"section\" data-e-type=\"section\" data-settings=\"{&quot;_ha_eqh_enable&quot;:false}\">\n\t\t\t\t\t\t<div class=\"elementor-container elementor-column-gap-default\">\n\t\t\t\t\t<div class=\"elementor-column elementor-col-100 elementor-top-column elementor-element elementor-element-0a5c08d\" data-id=\"0a5c08d\" data-element_type=\"column\" data-e-type=\"column\">\n\t\t\t<div class=\"elementor-widget-wrap elementor-element-populated\">\n\t\t\t\t\t\t<div class=\"elementor-element elementor-element-9c4b420 elementor-widget elementor-widget-text-editor\" data-id=\"9c4b420\" data-element_type=\"widget\" data-e-type=\"widget\" data-widget_type=\"text-editor.default\">\n\t\t\t\t<div class=\"elementor-widget-container\">\n\t\t\t\t\t\t\t\t\t<p>Die Kopernikusschule hat im Schuljahr 2020\/21 zum ersten Mal an dem Projekt \u201eKlimaschule Lippstadt\u201c teilgenommen und sich somit auf den Weg gemacht, den Blick unserer Sch\u00fclerinnen und Sch\u00fcler, Lehrerinnen und Lehrer und der gesamten Schulgemeinschaft f\u00fcr das Zukunftsthema \u201eKlimaschutz und Energiesparen\u201c nachhaltig zu sch\u00e4rfen.<\/p><p>Nat\u00fcrlich pr\u00e4gt die Corona-Pandemie ma\u00dfgeblich den Schul- und Unterrichtsalltag. Dennoch konnten verschiedene Ma\u00dfnahmen erfolgreich durchgef\u00fchrt, erprobt oder f\u00fcr kommende Schuljahre geplant werden. Diese Bem\u00fchungen wurden von der Stadt Lippstadt finanziell honoriert, um weitere Projekte zu erm\u00f6glichen.<\/p>\t\t\t\t\t\t\t\t<\/div>\n\t\t\t\t<\/div>\n\t\t\t\t\t<\/div>\n\t\t<\/div>\n\t\t\t\t\t<\/div>\n\t\t<\/section>\n\t\t\t\t<section class=\"elementor-section elementor-top-section elementor-element elementor-element-0f2b61e elementor-section-boxed elementor-section-height-default elementor-section-height-default wpr-particle-no wpr-jarallax-no wpr-parallax-no wpr-sticky-section-no wpr-equal-height-no\" data-id=\"0f2b61e\" data-element_type=\"section\" data-e-type=\"section\" data-settings=\"{&quot;_ha_eqh_enable&quot;:false}\">\n\t\t\t\t\t\t<div class=\"elementor-container elementor-column-gap-default\">\n\t\t\t\t\t<div class=\"elementor-column elementor-col-100 elementor-top-column elementor-element elementor-element-493f499\" data-id=\"493f499\" data-element_type=\"column\" data-e-type=\"column\">\n\t\t\t<div class=\"elementor-widget-wrap elementor-element-populated\">\n\t\t\t\t\t\t<div class=\"elementor-element elementor-element-696973f elementor-widget elementor-widget-text-editor\" data-id=\"696973f\" data-element_type=\"widget\" data-e-type=\"widget\" data-widget_type=\"text-editor.default\">\n\t\t\t\t<div class=\"elementor-widget-container\">\n\t\t\t\t\t\t\t\t\t<p><span style=\"text-decoration: underline;\"><strong>Bisher durchgef\u00fchrt:<\/strong><\/span><\/p><ul><li><span style=\"color: #008000;\">Impulsveranstaltung und Erfahrungsaustausch mit anderen Schulen<\/span><\/li><li><span style=\"color: #008000;\">Klimaschutz und Energiesparen als fester Bestandteil des Unterrichts<\/span><\/li><li><span style=\"color: #008000;\">Wahl von Energiemanagern<\/span><\/li><li><span style=\"color: #008000;\">Abstimmung von Energiesparvorschl\u00e4gen zwischen Schule und Schultr\u00e4ger<\/span><\/li><li><span style=\"color: #008000;\">Hausmeisterschulung<\/span><\/li><li><span style=\"color: #008000;\">Verbrauchsanalyse mit Tages- oder Wochenmessungen<\/span><\/li><li><span style=\"color: #008000;\">Pr\u00e4sentation der Klimaschule auf der Homepage<\/span><\/li><li><span style=\"color: #008000;\">Energiesparfilme zeigen und besprechen<\/span><\/li><li><span style=\"color: #008000;\">Energiespartipps entwickeln<\/span><\/li><li><span style=\"color: #008000;\">Reaktivierung des \u201egr\u00fcnen Klassenzimmers\u201c<\/span><\/li><\/ul><p><span style=\"text-decoration: underline;\"><strong>In Planung:<\/strong><\/span><\/p><ul><li><span style=\"color: #ff6600;\">Darstellung der Verbrauchszahlen<\/span><\/li><li><span style=\"color: #ff6600;\">Informationswand zu wechselnden Energiethemen<\/span><\/li><li><span style=\"color: #ff6600;\">Fremdnutzer (externe Kooperationspartner) gewinnen<\/span><\/li><li><span style=\"color: #ff6600;\">Energie-Aktions-Tag<\/span><\/li><li><span style=\"color: #ff6600;\">Strommessung an Elektroger\u00e4ten<\/span><\/li><li><span style=\"color: #ff6600;\">Erstellung einer Themenkiste zum Energiesparen\/Klimaschutz<\/span><\/li><li><span style=\"color: #ff6600;\">Organisation externer Angebote (au\u00dferschulische Lernorte)<\/span><\/li><li><span style=\"color: #ff6600;\">Klassen-Energie-Check<\/span><\/li><\/ul>\t\t\t\t\t\t\t\t<\/div>\n\t\t\t\t<\/div>\n\t\t\t\t\t<\/div>\n\t\t<\/div>\n\t\t\t\t\t<\/div>\n\t\t<\/section>\n\t\t\t\t<section class=\"elementor-section elementor-top-section elementor-element elementor-element-6529e18 elementor-section-boxed elementor-section-height-default elementor-section-height-default wpr-particle-no wpr-jarallax-no wpr-parallax-no wpr-sticky-section-no wpr-equal-height-no\" data-id=\"6529e18\" data-element_type=\"section\" data-e-type=\"section\" data-settings=\"{&quot;_ha_eqh_enable&quot;:false}\">\n\t\t\t\t\t\t<div class=\"elementor-container elementor-column-gap-default\">\n\t\t\t\t\t<div class=\"elementor-column elementor-col-100 elementor-top-column elementor-element elementor-element-7c0efa8\" data-id=\"7c0efa8\" data-element_type=\"column\" data-e-type=\"column\">\n\t\t\t<div class=\"elementor-widget-wrap elementor-element-populated\">\n\t\t\t\t\t\t<div class=\"elementor-element elementor-element-243cd04 elementor-widget elementor-widget-text-editor\" data-id=\"243cd04\" data-element_type=\"widget\" data-e-type=\"widget\" data-widget_type=\"text-editor.default\">\n\t\t\t\t<div class=\"elementor-widget-container\">\n\t\t\t\t\t\t\t\t\t<p>Bei Fragen zu den verschiedenen Projekte und Ma\u00dfnahmen sowie Interesse uns bei dem Projekt \u201eKlimaschule Lippstadt\u201c zu unterst\u00fctzen wenden sie sich gerne an Nils Trilling (Projektleiter \u201eKlimaschule\u201c der Kopernikusschule) unter <a href=\"mailto:nils.trilling@kopernikusschule-lippstadt.de\">nils.trilling@kopernikusschule-lippstadt.de<\/a>.<\/p>\t\t\t\t\t\t\t\t<\/div>\n\t\t\t\t<\/div>\n\t\t\t\t\t<\/div>\n\t\t<\/div>\n\t\t\t\t\t<\/div>\n\t\t<\/section>\n\t\t\t\t<\/div>\n\t\t","protected":false},"excerpt":{"rendered":"<p>Kopernikusschule ist Klimaschule Die Kopernikusschule hat im Schuljahr 2020\/21 zum ersten Mal an dem Projekt \u201eKlimaschule Lippstadt\u201c teilgenommen und sich somit auf den Weg gemacht, den Blick unserer Sch\u00fclerinnen und&#8230;<\/p>\n","protected":false},"author":1,"featured_media":0,"parent":0,"menu_order":0,"comment_status":"closed","ping_status":"closed","template":"","meta":{"footnotes":""},"class_list":["post-201","page","type-page","status-publish","hentry","entry"],"featured_image_src":null,"_links":{"self":[{"href":"https:\/\/www.kopernikusschule.de\/cms\/wp-json\/wp\/v2\/pages\/201","targetHints":{"allow":["GET"]}}],"collection":[{"href":"https:\/\/www.kopernikusschule.de\/cms\/wp-json\/wp\/v2\/pages"}],"about":[{"href":"https:\/\/www.kopernikusschule.de\/cms\/wp-json\/wp\/v2\/types\/page"}],"author":[{"embeddable":true,"href":"https:\/\/www.kopernikusschule.de\/cms\/wp-json\/wp\/v2\/users\/1"}],"replies":[{"embeddable":true,"href":"https:\/\/www.kopernikusschule.de\/cms\/wp-json\/wp\/v2\/comments?post=201"}],"version-history":[{"count":4,"href":"https:\/\/www.kopernikusschule.de\/cms\/wp-json\/wp\/v2\/pages\/201\/revisions"}],"predecessor-version":[{"id":316,"href":"https:\/\/www.kopernikusschule.de\/cms\/wp-json\/wp\/v2\/pages\/201\/revisions\/316"}],"wp:attachment":[{"href":"https:\/\/www.kopernikusschule.de\/cms\/wp-json\/wp\/v2\/media?parent=201"}],"curies":[{"name":"wp","href":"https:\/\/api.w.org\/{rel}","templated":true}]}}

<div data-elementor-type="wp-page" data-elementor-id="201" class="elementor elementor-201" data-elementor-settings="{&quot;ha_cmc_init_switcher&quot;:&quot;no&quot;}">
						<section class="elementor-section elementor-top-section elementor-element elementor-element-5449d3b elementor-section-boxed elementor-section-height-default elementor-section-height-default wpr-particle-no wpr-jarallax-no wpr-parallax-no wpr-sticky-section-no wpr-equal-height-no" data-id="5449d3b" data-element_type="section" data-e-type="section" data-settings="{&quot;_ha_eqh_enable&quot;:false}">
						<div class="elementor-container elementor-column-gap-default">
					<div class="elementor-column elementor-col-100 elementor-top-column elementor-element elementor-element-9e5d95c" data-id="9e5d95c" data-element_type="column" data-e-type="column">
			<div class="elementor-widget-wrap elementor-element-populated">
						<div class="elementor-element elementor-element-7494c9e elementor-widget elementor-widget-heading" data-id="7494c9e" data-element_type="widget" data-e-type="widget" data-widget_type="heading.default">
				<div class="elementor-widget-container">
					<h2 class="elementor-heading-title elementor-size-default">Kopernikusschule ist Klimaschule</h2>				</div>
				</div>
					</div>
		</div>
					</div>
		</section>
				<section class="elementor-section elementor-top-section elementor-element elementor-element-965a730 elementor-section-boxed elementor-section-height-default elementor-section-height-default wpr-particle-no wpr-jarallax-no wpr-parallax-no wpr-sticky-section-no wpr-equal-height-no" data-id="965a730" data-element_type="section" data-e-type="section" data-settings="{&quot;_ha_eqh_enable&quot;:false}">
						<div class="elementor-container elementor-column-gap-default">
					<div class="elementor-column elementor-col-100 elementor-top-column elementor-element elementor-element-4cb526c" data-id="4cb526c" data-element_type="column" data-e-type="column">
			<div class="elementor-widget-wrap elementor-element-populated">
						<div class="elementor-element elementor-element-0c1b96d elementor-widget elementor-widget-image" data-id="0c1b96d" data-element_type="widget" data-e-type="widget" data-widget_type="image.default">
				<div class="elementor-widget-container">
															<img decoding="async" src="https://www.kopernikusschule.de/images/logo_klimaschule.jpg" title="" alt="" loading="lazy" />															</div>
				</div>
					</div>
		</div>
					</div>
		</section>
				<section class="elementor-section elementor-top-section elementor-element elementor-element-4885436 elementor-section-boxed elementor-section-height-default elementor-section-height-default wpr-particle-no wpr-jarallax-no wpr-parallax-no wpr-sticky-section-no wpr-equal-height-no" data-id="4885436" data-element_type="section" data-e-type="section" data-settings="{&quot;_ha_eqh_enable&quot;:false}">
						<div class="elementor-container elementor-column-gap-default">
					<div class="elementor-column elementor-col-100 elementor-top-column elementor-element elementor-element-0a5c08d" data-id="0a5c08d" data-element_type="column" data-e-type="column">
			<div class="elementor-widget-wrap elementor-element-populated">
						<div class="elementor-element elementor-element-9c4b420 elementor-widget elementor-widget-text-editor" data-id="9c4b420" data-element_type="widget" data-e-type="widget" data-widget_type="text-editor.default">
				<div class="elementor-widget-container">
									<p>Die Kopernikusschule hat im Schuljahr 2020/21 zum ersten Mal an dem Projekt „Klimaschule Lippstadt“ teilgenommen und sich somit auf den Weg gemacht, den Blick unserer Schülerinnen und Schüler, Lehrerinnen und Lehrer und der gesamten Schulgemeinschaft für das Zukunftsthema „Klimaschutz und Energiesparen“ nachhaltig zu schärfen.</p><p>Natürlich prägt die Corona-Pandemie maßgeblich den Schul- und Unterrichtsalltag. Dennoch konnten verschiedene Maßnahmen erfolgreich durchgeführt, erprobt oder für kommende Schuljahre geplant werden. Diese Bemühungen wurden von der Stadt Lippstadt finanziell honoriert, um weitere Projekte zu ermöglichen.</p>								</div>
				</div>
					</div>
		</div>
					</div>
		</section>
				<section class="elementor-section elementor-top-section elementor-element elementor-element-0f2b61e elementor-section-boxed elementor-section-height-default elementor-section-height-default wpr-particle-no wpr-jarallax-no wpr-parallax-no wpr-sticky-section-no wpr-equal-height-no" data-id="0f2b61e" data-element_type="section" data-e-type="section" data-settings="{&quot;_ha_eqh_enable&quot;:false}">
						<div class="elementor-container elementor-column-gap-default">
					<div class="elementor-column elementor-col-100 elementor-top-column elementor-element elementor-element-493f499" data-id="493f499" data-element_type="column" data-e-type="column">
			<div class="elementor-widget-wrap elementor-element-populated">
						<div class="elementor-element elementor-element-696973f elementor-widget elementor-widget-text-editor" data-id="696973f" data-element_type="widget" data-e-type="widget" data-widget_type="text-editor.default">
				<div class="elementor-widget-container">
									<p><span style="text-decoration: underline;"><strong>Bisher durchgeführt:</strong></span></p><ul><li><span style="color: #008000;">Impulsveranstaltung und Erfahrungsaustausch mit anderen Schulen</span></li><li><span style="color: #008000;">Klimaschutz und Energiesparen als fester Bestandteil des Unterrichts</span></li><li><span style="color: #008000;">Wahl von Energiemanagern</span></li><li><span style="color: #008000;">Abstimmung von Energiesparvorschlägen zwischen Schule und Schulträger</span></li><li><span style="color: #008000;">Hausmeisterschulung</span></li><li><span style="color: #008000;">Verbrauchsanalyse mit Tages- oder Wochenmessungen</span></li><li><span style="color: #008000;">Präsentation der Klimaschule auf der Homepage</span></li><li><span style="color: #008000;">Energiesparfilme zeigen und besprechen</span></li><li><span style="color: #008000;">Energiespartipps entwickeln</span></li><li><span style="color: #008000;">Reaktivierung des „grünen Klassenzimmers“</span></li></ul><p><span style="text-decoration: underline;"><strong>In Planung:</strong></span></p><ul><li><span style="color: #ff6600;">Darstellung der Verbrauchszahlen</span></li><li><span style="color: #ff6600;">Informationswand zu wechselnden Energiethemen</span></li><li><span style="color: #ff6600;">Fremdnutzer (externe Kooperationspartner) gewinnen</span></li><li><span style="color: #ff6600;">Energie-Aktions-Tag</span></li><li><span style="color: #ff6600;">Strommessung an Elektrogeräten</span></li><li><span style="color: #ff6600;">Erstellung einer Themenkiste zum Energiesparen/Klimaschutz</span></li><li><span style="color: #ff6600;">Organisation externer Angebote (außerschulische Lernorte)</span></li><li><span style="color: #ff6600;">Klassen-Energie-Check</span></li></ul>								</div>
				</div>
					</div>
		</div>
					</div>
		</section>
				<section class="elementor-section elementor-top-section elementor-element elementor-element-6529e18 elementor-section-boxed elementor-section-height-default elementor-section-height-default wpr-particle-no wpr-jarallax-no wpr-parallax-no wpr-sticky-section-no wpr-equal-height-no" data-id="6529e18" data-element_type="section" data-e-type="section" data-settings="{&quot;_ha_eqh_enable&quot;:false}">
						<div class="elementor-container elementor-column-gap-default">
					<div class="elementor-column elementor-col-100 elementor-top-column elementor-element elementor-element-7c0efa8" data-id="7c0efa8" data-element_type="column" data-e-type="column">
			<div class="elementor-widget-wrap elementor-element-populated">
						<div class="elementor-element elementor-element-243cd04 elementor-widget elementor-widget-text-editor" data-id="243cd04" data-element_type="widget" data-e-type="widget" data-widget_type="text-editor.default">
				<div class="elementor-widget-container">
									<p>Bei Fragen zu den verschiedenen Projekte und Maßnahmen sowie Interesse uns bei dem Projekt „Klimaschule Lippstadt“ zu unterstützen wenden sie sich gerne an Nils Trilling (Projektleiter „Klimaschule“ der Kopernikusschule) unter <a href="mailto:nils.trilling@kopernikusschule-lippstadt.de">nils.trilling@kopernikusschule-lippstadt.de</a>.</p>								</div>
				</div>
					</div>
		</div>
					</div>
		</section>
				</div>

<p>Kopernikusschule ist Klimaschule Die Kopernikusschule hat im Schuljahr 2020/21 zum ersten Mal an dem Projekt „Klimaschule Lippstadt“ teilgenommen und sich somit auf den Weg gemacht, den Blick unserer Schülerinnen und&#8230;</p>
