{"id":187,"date":"2023-01-07T13:35:17","date_gmt":"2023-01-07T12:35:17","guid":{"rendered":"https:\/\/www.kopernikusschule.de\/cms\/?page_id=187"},"modified":"2023-01-09T11:16:23","modified_gmt":"2023-01-09T10:16:23","slug":"berufseinstiegsbegleitung","status":"publish","type":"page","link":"https:\/\/www.kopernikusschule.de\/cms\/berufseinstiegsbegleitung\/","title":{"rendered":"Berufseinstiegsbegleitung (BerEb)"},"content":{"rendered":"\t\t<div data-elementor-type=\"wp-page\" data-elementor-id=\"187\" class=\"elementor elementor-187\" data-elementor-settings=\"{&quot;ha_cmc_init_switcher&quot;:&quot;no&quot;}\">\n\t\t\t\t\t\t<section class=\"elementor-section elementor-top-section elementor-element elementor-element-6dd3f23 elementor-section-boxed elementor-section-height-default elementor-section-height-default wpr-particle-no wpr-jarallax-no wpr-parallax-no wpr-sticky-section-no wpr-equal-height-no\" data-id=\"6dd3f23\" data-element_type=\"section\" data-e-type=\"section\" data-settings=\"{&quot;_ha_eqh_enable&quot;:false}\">\n\t\t\t\t\t\t<div class=\"elementor-container elementor-column-gap-default\">\n\t\t\t\t\t<div class=\"elementor-column elementor-col-100 elementor-top-column elementor-element elementor-element-5680030\" data-id=\"5680030\" data-element_type=\"column\" data-e-type=\"column\">\n\t\t\t<div class=\"elementor-widget-wrap elementor-element-populated\">\n\t\t\t\t\t\t<div class=\"elementor-element elementor-element-68ac83a elementor-widget elementor-widget-text-editor\" data-id=\"68ac83a\" data-element_type=\"widget\" data-e-type=\"widget\" data-widget_type=\"text-editor.default\">\n\t\t\t\t<div class=\"elementor-widget-container\">\n\t\t\t\t\t\t\t\t\t<p>Das ESF-Bundesprogramm Berufseinstiegsbegleitung wird gef\u00f6rdert durch das Bundesminsterium f\u00fcr Arbeit und Soziales, die Bundesagentur f\u00fcr Arbeit und den Europ\u00e4ischen Sozialfonds.<\/p><p><span style=\"text-decoration: underline;\"><strong>Berufseinstiegsbegleitung: Ein Angebot f\u00fcr Sch\u00fclerinnen und Sch\u00fcler!<\/strong><\/span><br \/>Nur noch ein paar Jahre Schule und dann beginnt das Berufsleben? In der Schule l\u00e4uft es aber nicht gut und vielleicht schaffst du deinen Schulabschluss nicht? Und was du einmal werden m\u00f6chtest, wei\u00dft du auch noch nicht genau? Keine Panik &#8211; Wir unterst\u00fctzen dich!<\/p><p><span style=\"text-decoration: underline;\"><strong>Berufseinstiegsbegleitung &#8211; Was ist das?<\/strong><\/span><br \/>Die Berufseinstiegsbegleitung soll dazu beitragen, dass du den \u00dcbergang von der Schule ins Berufsleben meisterst.<\/p><p>Die Auswahl der Teilnehmerinnen und Teilnehmer erfolgt durch Beratungslehrerinnen und Lehrer der Schule, der Berufsberatung der Agentur f\u00fcr Arbeit und den Berufseinstiegsbegleiterinnen und Berufseinstiegsbegleiter.<\/p><p>Von der guten Zusammenarbeit aller Partner kannst du profitieren und wirst im Rahmen der Berufseinstiegsbegleitung bestm\u00f6glich gef\u00f6rdert.<br \/>Deine Schule ist dabei? Dann warte nicht l\u00e4nger und sprich mit deiner Klassenlehrerin oder deinem Klassenlehrer. Sie k\u00f6nnen dich vorschlagen, damit du bei uns mitmachen kannst.<\/p><p><span style=\"text-decoration: underline;\"><strong>Was erwartet dich?<\/strong><\/span><\/p><ul><li>Bereits in der Vorabgangsklasse, wenn du noch ein ganzes Jahr Schule vor dir hast, beginnen wir, dich zu unterst\u00fctzen.<\/li><li>Wir helfen dir dabei, deinen Schulabschluss zu erreichen.<\/li><li>Gemeinsam mit dir und deinen Lehrerinnen und Lehrern \u00fcberlegen wir, wo du zus\u00e4tzlichen F\u00f6rderbedarf hast. Dabei ist es egal, ob es sich um Mathematik, Deutsch oder Englisch handelt. Wir vermitteln geeigneten Nachhilfeunterricht.<\/li><li>Zusammen \u00fcberlegen wir, wo deine St\u00e4rken liegen und beraten dich, welcher sp\u00e4tere Beruf f\u00fcr dich geeignet sein kann. Vielleicht bist du eher handwerklich interessiert, sprachlich begabt, vielleicht aber auch ein Verkaufstalent?!<\/li><li>Damit du einen Eindruck von deinem sp\u00e4teren Beruf bekommst, helfen wir dir dabei, geeignete Praktikumspl\u00e4tze zu finden. Wir begleiten dich w\u00e4hrend des Praktikums und bleoben immer mit dir und deinem Ausbilder im Gespr\u00e4ch.<\/li><li>Bei uns erf\u00e4hrst du alles \u00fcber Berufe, den regionalen Arbeitsmarkt und wie man sich im Berufsleben gegen\u00fcber Vorgesetzten und Kollegen verh\u00e4lt.<\/li><li>Wir helfen dir bei der Erstellung deiner Bewerbungsunterlagen und zeigen dir M\u00f6glichkeiten auf, freie Ausbildungsstellen zu finden.<\/li><li>Auf Wunsch helfen wir dir auch bei der L\u00f6sung privater Probleme. Du kannst dich immer vertrauensvoll an unsere Berufseinstiegsbegleiterinnen und Berufseinstiegsbegleiter wenden.<\/li><li>Auch wenn du einen Ausbildungsplatz gefunden hast, sind wir noch f\u00fcr dich da. Wir bleiben noch l\u00e4ngere Zeit mit dir, deinem Betrieb und der Berufsschule in Kontakt und vermitteln, wenn es zu Konflikten kommen sollte.<\/li><li>Dar\u00fcber hinaus zeigen wir Unterst\u00fctzungsm\u00f6glichkeiten auf, damit du in der Berufsschule keine Probleme mit dem Lehrstoff bekommst.<\/li><li>Und das Beste: Wir sind ganz in deiner N\u00e4he! &#8211; N\u00e4mlich in deiner Schule!<\/li><\/ul>\t\t\t\t\t\t\t\t<\/div>\n\t\t\t\t<\/div>\n\t\t\t\t\t<\/div>\n\t\t<\/div>\n\t\t\t\t\t<\/div>\n\t\t<\/section>\n\t\t\t\t<\/div>\n\t\t","protected":false},"excerpt":{"rendered":"<p>Das ESF-Bundesprogramm Berufseinstiegsbegleitung wird gef\u00f6rdert durch das Bundesminsterium f\u00fcr Arbeit und Soziales, die Bundesagentur f\u00fcr Arbeit und den Europ\u00e4ischen Sozialfonds. Berufseinstiegsbegleitung: Ein Angebot f\u00fcr Sch\u00fclerinnen und Sch\u00fcler!Nur noch ein paar&#8230;<\/p>\n","protected":false},"author":1,"featured_media":0,"parent":0,"menu_order":0,"comment_status":"closed","ping_status":"closed","template":"","meta":{"footnotes":""},"class_list":["post-187","page","type-page","status-publish","hentry","entry"],"featured_image_src":null,"_links":{"self":[{"href":"https:\/\/www.kopernikusschule.de\/cms\/wp-json\/wp\/v2\/pages\/187","targetHints":{"allow":["GET"]}}],"collection":[{"href":"https:\/\/www.kopernikusschule.de\/cms\/wp-json\/wp\/v2\/pages"}],"about":[{"href":"https:\/\/www.kopernikusschule.de\/cms\/wp-json\/wp\/v2\/types\/page"}],"author":[{"embeddable":true,"href":"https:\/\/www.kopernikusschule.de\/cms\/wp-json\/wp\/v2\/users\/1"}],"replies":[{"embeddable":true,"href":"https:\/\/www.kopernikusschule.de\/cms\/wp-json\/wp\/v2\/comments?post=187"}],"version-history":[{"count":5,"href":"https:\/\/www.kopernikusschule.de\/cms\/wp-json\/wp\/v2\/pages\/187\/revisions"}],"predecessor-version":[{"id":334,"href":"https:\/\/www.kopernikusschule.de\/cms\/wp-json\/wp\/v2\/pages\/187\/revisions\/334"}],"wp:attachment":[{"href":"https:\/\/www.kopernikusschule.de\/cms\/wp-json\/wp\/v2\/media?parent=187"}],"curies":[{"name":"wp","href":"https:\/\/api.w.org\/{rel}","templated":true}]}}

<div data-elementor-type="wp-page" data-elementor-id="187" class="elementor elementor-187" data-elementor-settings="{&quot;ha_cmc_init_switcher&quot;:&quot;no&quot;}">
						<section class="elementor-section elementor-top-section elementor-element elementor-element-6dd3f23 elementor-section-boxed elementor-section-height-default elementor-section-height-default wpr-particle-no wpr-jarallax-no wpr-parallax-no wpr-sticky-section-no wpr-equal-height-no" data-id="6dd3f23" data-element_type="section" data-e-type="section" data-settings="{&quot;_ha_eqh_enable&quot;:false}">
						<div class="elementor-container elementor-column-gap-default">
					<div class="elementor-column elementor-col-100 elementor-top-column elementor-element elementor-element-5680030" data-id="5680030" data-element_type="column" data-e-type="column">
			<div class="elementor-widget-wrap elementor-element-populated">
						<div class="elementor-element elementor-element-68ac83a elementor-widget elementor-widget-text-editor" data-id="68ac83a" data-element_type="widget" data-e-type="widget" data-widget_type="text-editor.default">
				<div class="elementor-widget-container">
									<p>Das ESF-Bundesprogramm Berufseinstiegsbegleitung wird gefördert durch das Bundesminsterium für Arbeit und Soziales, die Bundesagentur für Arbeit und den Europäischen Sozialfonds.</p><p><span style="text-decoration: underline;"><strong>Berufseinstiegsbegleitung: Ein Angebot für Schülerinnen und Schüler!</strong></span><br />Nur noch ein paar Jahre Schule und dann beginnt das Berufsleben? In der Schule läuft es aber nicht gut und vielleicht schaffst du deinen Schulabschluss nicht? Und was du einmal werden möchtest, weißt du auch noch nicht genau? Keine Panik &#8211; Wir unterstützen dich!</p><p><span style="text-decoration: underline;"><strong>Berufseinstiegsbegleitung &#8211; Was ist das?</strong></span><br />Die Berufseinstiegsbegleitung soll dazu beitragen, dass du den Übergang von der Schule ins Berufsleben meisterst.</p><p>Die Auswahl der Teilnehmerinnen und Teilnehmer erfolgt durch Beratungslehrerinnen und Lehrer der Schule, der Berufsberatung der Agentur für Arbeit und den Berufseinstiegsbegleiterinnen und Berufseinstiegsbegleiter.</p><p>Von der guten Zusammenarbeit aller Partner kannst du profitieren und wirst im Rahmen der Berufseinstiegsbegleitung bestmöglich gefördert.<br />Deine Schule ist dabei? Dann warte nicht länger und sprich mit deiner Klassenlehrerin oder deinem Klassenlehrer. Sie können dich vorschlagen, damit du bei uns mitmachen kannst.</p><p><span style="text-decoration: underline;"><strong>Was erwartet dich?</strong></span></p><ul><li>Bereits in der Vorabgangsklasse, wenn du noch ein ganzes Jahr Schule vor dir hast, beginnen wir, dich zu unterstützen.</li><li>Wir helfen dir dabei, deinen Schulabschluss zu erreichen.</li><li>Gemeinsam mit dir und deinen Lehrerinnen und Lehrern überlegen wir, wo du zusätzlichen Förderbedarf hast. Dabei ist es egal, ob es sich um Mathematik, Deutsch oder Englisch handelt. Wir vermitteln geeigneten Nachhilfeunterricht.</li><li>Zusammen überlegen wir, wo deine Stärken liegen und beraten dich, welcher spätere Beruf für dich geeignet sein kann. Vielleicht bist du eher handwerklich interessiert, sprachlich begabt, vielleicht aber auch ein Verkaufstalent?!</li><li>Damit du einen Eindruck von deinem späteren Beruf bekommst, helfen wir dir dabei, geeignete Praktikumsplätze zu finden. Wir begleiten dich während des Praktikums und bleoben immer mit dir und deinem Ausbilder im Gespräch.</li><li>Bei uns erfährst du alles über Berufe, den regionalen Arbeitsmarkt und wie man sich im Berufsleben gegenüber Vorgesetzten und Kollegen verhält.</li><li>Wir helfen dir bei der Erstellung deiner Bewerbungsunterlagen und zeigen dir Möglichkeiten auf, freie Ausbildungsstellen zu finden.</li><li>Auf Wunsch helfen wir dir auch bei der Lösung privater Probleme. Du kannst dich immer vertrauensvoll an unsere Berufseinstiegsbegleiterinnen und Berufseinstiegsbegleiter wenden.</li><li>Auch wenn du einen Ausbildungsplatz gefunden hast, sind wir noch für dich da. Wir bleiben noch längere Zeit mit dir, deinem Betrieb und der Berufsschule in Kontakt und vermitteln, wenn es zu Konflikten kommen sollte.</li><li>Darüber hinaus zeigen wir Unterstützungsmöglichkeiten auf, damit du in der Berufsschule keine Probleme mit dem Lehrstoff bekommst.</li><li>Und das Beste: Wir sind ganz in deiner Nähe! &#8211; Nämlich in deiner Schule!</li></ul>								</div>
				</div>
					</div>
		</div>
					</div>
		</section>
				</div>

<p>Das ESF-Bundesprogramm Berufseinstiegsbegleitung wird gefördert durch das Bundesminsterium für Arbeit und Soziales, die Bundesagentur für Arbeit und den Europäischen Sozialfonds. Berufseinstiegsbegleitung: Ein Angebot für Schülerinnen und Schüler!Nur noch ein paar&#8230;</p>
