{"id":166,"date":"2023-01-07T13:28:52","date_gmt":"2023-01-07T12:28:52","guid":{"rendered":"https:\/\/www.kopernikusschule.de\/cms\/?page_id=166"},"modified":"2023-05-01T19:55:22","modified_gmt":"2023-05-01T17:55:22","slug":"klassen","status":"publish","type":"page","link":"https:\/\/www.kopernikusschule.de\/cms\/klassen\/","title":{"rendered":"Klassen"},"content":{"rendered":"\t\t<div data-elementor-type=\"wp-page\" data-elementor-id=\"166\" class=\"elementor elementor-166\" data-elementor-settings=\"{&quot;ha_cmc_init_switcher&quot;:&quot;no&quot;}\">\n\t\t\t\t\t\t<section class=\"elementor-section elementor-top-section elementor-element elementor-element-87b0c5d elementor-section-boxed elementor-section-height-default elementor-section-height-default wpr-particle-no wpr-jarallax-no wpr-parallax-no wpr-sticky-section-no wpr-equal-height-no\" data-id=\"87b0c5d\" data-element_type=\"section\" data-e-type=\"section\" data-settings=\"{&quot;_ha_eqh_enable&quot;:false}\">\n\t\t\t\t\t\t<div class=\"elementor-container elementor-column-gap-default\">\n\t\t\t\t\t<div class=\"elementor-column elementor-col-100 elementor-top-column elementor-element elementor-element-6927bfe\" data-id=\"6927bfe\" data-element_type=\"column\" data-e-type=\"column\">\n\t\t\t<div class=\"elementor-widget-wrap elementor-element-populated\">\n\t\t\t\t\t\t<div class=\"elementor-element elementor-element-8df8ea8 elementor-widget elementor-widget-text-editor\" data-id=\"8df8ea8\" data-element_type=\"widget\" data-e-type=\"widget\" data-widget_type=\"text-editor.default\">\n\t\t\t\t<div class=\"elementor-widget-container\">\n\t\t\t\t\t\t\t\t\t<p><span style=\"text-decoration: underline;\"><strong>Allgemeine Informationen<\/strong><\/span><br \/>Zum Schuljahresbeginn 2018\/19 besuchen 390 Sch\u00fclerinnen und Sch\u00fcler unsere Schule, die von insgesamt 48 Lehrerinnen und Lehrern unterrichtet werden.<br \/>Von den 390 Sch\u00fclerinnen und Sch\u00fclern haben rund 61% einen Migrationshintergrund. Die kulturellen Wurzeln liegen vorwiegend in Osteuropa mit Schwerpunkt Russland sowie im orientalischen Kulturraum. Entsprechend der kulturellen Vielfalt sind auch die Religionszugeh\u00f6rigkeiten und Sprachen.<\/p><p>Im Rahmen der Inklusion besuchen Sch\u00fclerinnen und Sch\u00fcler mit besonderem F\u00f6rderbedarf in allen Jahrgangsstufen die Kopernikusschule. Dieser &#8222;gemeinsame Unterricht&#8220; findet zeitweise zusammen mit sonderp\u00e4dagogischen Lehrerinnen und Lehrern statt.<\/p><p>In einer so genannten &#8222;Crashkurs-Klasse&#8220; werden die Lernenden f\u00fcr einen begrenzten Zeitraum aufgenommen, deren Sprachkenntnisse aufgrund eines Migrationshintergrundes noch nicht ausreichen, um am Regelunterricht teilzunehmen.<\/p><p><span style=\"text-decoration: underline;\"><strong>Kulturelle Vielfalt<\/strong><\/span><br \/>Kultur wird als Zusammenfassung der Lebensumst\u00e4nde einer bestimmten Volksgruppe oder Religion aufgefasst. Diese Lebensumst\u00e4nde pr\u00e4gen die Menschen in ihren Vorstellungen von Erziehung, Bildung und dem Umgang miteinander. Die Erfahrungen dieser Menschen und ihre unterschiedliche Bildung schaffen auch unterschiedliche Erwartungen an die Schule.<br \/>Leben und Lernen an der Kopernikusschule basiert auf gegenseitigem Respekt und der Anerkennung unterschiedlicher Erfahrungen. Verbindliche Vereinbarungen sorgen f\u00fcr eine Basis, die als Grundlage f\u00fcr ein gemeinsames Arbeiten dient.<\/p>\t\t\t\t\t\t\t\t<\/div>\n\t\t\t\t<\/div>\n\t\t\t\t\t<\/div>\n\t\t<\/div>\n\t\t\t\t\t<\/div>\n\t\t<\/section>\n\t\t\t\t<\/div>\n\t\t","protected":false},"excerpt":{"rendered":"<p>Allgemeine InformationenZum Schuljahresbeginn 2018\/19 besuchen 390 Sch\u00fclerinnen und Sch\u00fcler unsere Schule, die von insgesamt 48 Lehrerinnen und Lehrern unterrichtet werden.Von den 390 Sch\u00fclerinnen und Sch\u00fclern haben rund 61% einen Migrationshintergrund.&#8230;<\/p>\n","protected":false},"author":1,"featured_media":0,"parent":0,"menu_order":0,"comment_status":"closed","ping_status":"closed","template":"","meta":{"footnotes":""},"class_list":["post-166","page","type-page","status-publish","hentry","entry"],"featured_image_src":null,"_links":{"self":[{"href":"https:\/\/www.kopernikusschule.de\/cms\/wp-json\/wp\/v2\/pages\/166","targetHints":{"allow":["GET"]}}],"collection":[{"href":"https:\/\/www.kopernikusschule.de\/cms\/wp-json\/wp\/v2\/pages"}],"about":[{"href":"https:\/\/www.kopernikusschule.de\/cms\/wp-json\/wp\/v2\/types\/page"}],"author":[{"embeddable":true,"href":"https:\/\/www.kopernikusschule.de\/cms\/wp-json\/wp\/v2\/users\/1"}],"replies":[{"embeddable":true,"href":"https:\/\/www.kopernikusschule.de\/cms\/wp-json\/wp\/v2\/comments?post=166"}],"version-history":[{"count":4,"href":"https:\/\/www.kopernikusschule.de\/cms\/wp-json\/wp\/v2\/pages\/166\/revisions"}],"predecessor-version":[{"id":390,"href":"https:\/\/www.kopernikusschule.de\/cms\/wp-json\/wp\/v2\/pages\/166\/revisions\/390"}],"wp:attachment":[{"href":"https:\/\/www.kopernikusschule.de\/cms\/wp-json\/wp\/v2\/media?parent=166"}],"curies":[{"name":"wp","href":"https:\/\/api.w.org\/{rel}","templated":true}]}}