{"id":116,"date":"2023-01-07T13:09:49","date_gmt":"2023-01-07T12:09:49","guid":{"rendered":"https:\/\/www.kopernikusschule.de\/cms\/?page_id=116"},"modified":"2023-07-30T17:36:14","modified_gmt":"2023-07-30T15:36:14","slug":"schulkonzept","status":"publish","type":"page","link":"https:\/\/www.kopernikusschule.de\/cms\/schulkonzept\/","title":{"rendered":"Schulkonzept"},"content":{"rendered":"\t\t<div data-elementor-type=\"wp-page\" data-elementor-id=\"116\" class=\"elementor elementor-116\" data-elementor-settings=\"{&quot;ha_cmc_init_switcher&quot;:&quot;no&quot;}\">\n\t\t\t\t\t\t<section class=\"elementor-section elementor-top-section elementor-element elementor-element-7c7da65 elementor-section-boxed elementor-section-height-default elementor-section-height-default wpr-particle-no wpr-jarallax-no wpr-parallax-no wpr-sticky-section-no wpr-equal-height-no\" data-id=\"7c7da65\" data-element_type=\"section\" data-e-type=\"section\" data-settings=\"{&quot;_ha_eqh_enable&quot;:false}\">\n\t\t\t\t\t\t<div class=\"elementor-container elementor-column-gap-default\">\n\t\t\t\t\t<div class=\"elementor-column elementor-col-100 elementor-top-column elementor-element elementor-element-5583156\" data-id=\"5583156\" data-element_type=\"column\" data-e-type=\"column\">\n\t\t\t<div class=\"elementor-widget-wrap elementor-element-populated\">\n\t\t\t\t\t\t<div class=\"elementor-element elementor-element-e96b6a1 elementor-widget elementor-widget-text-editor\" data-id=\"e96b6a1\" data-element_type=\"widget\" data-e-type=\"widget\" data-widget_type=\"text-editor.default\">\n\t\t\t\t<div class=\"elementor-widget-container\">\n\t\t\t\t\t\t\t\t\t<p>Im oberen Auswahlmen\u00fc unter dem Unterpunkt &#8222;<span style=\"text-decoration: underline;\"><strong>Berufliche Orientierung an der Kopernikusschule<\/strong><\/span>&#8220; finden Sie weiterf\u00fchrende Informationen zu<\/p><ul><li>unserer <strong>Berufseinstiegsbegleitung<\/strong> (BerEb)<\/li><li>zur <strong>Klasse 10 Typ A mit LZP (Langzeitpraktikum)<br \/><\/strong><\/li><li>und zum Konzept <strong>Betrieb und Schule<\/strong> (BUS).<\/li><\/ul><p>Au\u00dferdem erhalten Sie einen \u00dcberblick \u00fcber verschiedene Konzepte, die grundlegend f\u00fcr unser Schulleben sind.<\/p><p>\u00a0<\/p><blockquote><p>Stillstand ist R\u00fcckschritt!<\/p><\/blockquote><p><span style=\"text-decoration: underline;\"><strong>Schulprogramm: Stillstand ist R\u00fcckschritt &#8211; Ziele und Grunds\u00e4tze<\/strong><\/span><\/p><p>Die Erkenntnis, mit einer Aufgabe nicht fertig zu werden, hat etwas Schmerzliches, denn wer m\u00f6chte bei seiner Arbeit nicht irgendwann ein abschlie\u00dfendes Ergebnis vorweisen k\u00f6nnen? Aber tr\u00f6stlich ist doch die Idee, dass etwas nicht Fertiges immer auch das Recht hat, besser zu werden!<br \/>Schule als Teil einer dynamischen Gesellschaft kann nicht statisch sein &#8211; <span style=\"text-decoration: underline;\">auf dem Weg bleiben<\/span> ist das Ziel!<\/p><p>Seit dem Schuljahr 2006\/07 ist die Kopernikusschule eine erweiterte Ganztagsschule. Die Entscheidung f\u00fcr diesen Schritt war damals nicht leicht. Sie musste aus verschiedenen Gr\u00fcnden schnell gehen und viele Fragen mussten zun\u00e4chst offen bleiben. Trotzdem haben wir uns auf den Weg gemacht&#8230;<\/p><p><span style=\"text-decoration: underline;\"><strong>Warum Ganztagsschule?<\/strong><\/span><\/p><p>Die NRW-Landesregierung schreibt zum Thema Ganztagsschule:<\/p><blockquote><p>Ziel ist es, unseren Kindern mehr Bildungschancen zu er\u00f6ffnen und Eltern die Vereinbarkeit von Familie und Beruf zu erleichtern. Ganztagsschulen bieten mehr als Unterricht. Zu einem guten Ganztag geh\u00f6ren Arbeitsgemeinschaften, F\u00f6rder- und Freizeitangebote, Bewegung, Spiel und Sport sowie kulturelle Angebote. In Ganztagsschulen wirken unterschiedliche Professionen zusammen. Ganztag ist der Gegenstand der miteinander abzustimmenden \u00f6rtlichen Schulentwicklungs- und Jugendhilfeplanung. Mit vielen Partnern werden Rahmenvereinbarungen abgeschlossen.<\/p><\/blockquote><p>Weitere Informatioen dazu erhalten Sie auf den <a href=\"https:\/\/www.schulministerium.nrw.de\/docs\/Schulsystem\/Ganztag\/index.html\" target=\"_blank\" rel=\"noopener\">Internetseiten des Ministeriums f\u00fcr Schule und Bildung des Landes Nordrhein-Westfalen<\/a>.<\/p>\t\t\t\t\t\t\t\t<\/div>\n\t\t\t\t<\/div>\n\t\t\t\t<div class=\"elementor-element elementor-element-e564547 elementor-widget-divider--view-line elementor-widget elementor-widget-divider\" data-id=\"e564547\" data-element_type=\"widget\" data-e-type=\"widget\" data-widget_type=\"divider.default\">\n\t\t\t\t<div class=\"elementor-widget-container\">\n\t\t\t\t\t\t\t<div class=\"elementor-divider\">\n\t\t\t<span class=\"elementor-divider-separator\">\n\t\t\t\t\t\t<\/span>\n\t\t<\/div>\n\t\t\t\t\t\t<\/div>\n\t\t\t\t<\/div>\n\t\t\t\t\t<\/div>\n\t\t<\/div>\n\t\t\t\t\t<\/div>\n\t\t<\/section>\n\t\t\t\t<section class=\"elementor-section elementor-top-section elementor-element elementor-element-cce70c2 elementor-section-boxed elementor-section-height-default elementor-section-height-default wpr-particle-no wpr-jarallax-no wpr-parallax-no wpr-sticky-section-no wpr-equal-height-no\" data-id=\"cce70c2\" data-element_type=\"section\" data-e-type=\"section\" data-settings=\"{&quot;_ha_eqh_enable&quot;:false}\">\n\t\t\t\t\t\t<div class=\"elementor-container elementor-column-gap-default\">\n\t\t\t\t\t<div class=\"elementor-column elementor-col-100 elementor-top-column elementor-element elementor-element-fe06808\" data-id=\"fe06808\" data-element_type=\"column\" data-e-type=\"column\">\n\t\t\t<div class=\"elementor-widget-wrap elementor-element-populated\">\n\t\t\t\t\t\t<div class=\"elementor-element elementor-element-e2350c2 elementor-widget elementor-widget-heading\" data-id=\"e2350c2\" data-element_type=\"widget\" data-e-type=\"widget\" data-widget_type=\"heading.default\">\n\t\t\t\t<div class=\"elementor-widget-container\">\n\t\t\t\t\t<h2 class=\"elementor-heading-title elementor-size-default\">Erweiterte Ganztagsschule - die folgerichtige Weiterentwicklung unseres Schulprofils<\/h2>\t\t\t\t<\/div>\n\t\t\t\t<\/div>\n\t\t\t\t\t<\/div>\n\t\t<\/div>\n\t\t\t\t\t<\/div>\n\t\t<\/section>\n\t\t\t\t<section class=\"elementor-section elementor-top-section elementor-element elementor-element-9c56fcb elementor-section-boxed elementor-section-height-default elementor-section-height-default wpr-particle-no wpr-jarallax-no wpr-parallax-no wpr-sticky-section-no wpr-equal-height-no\" data-id=\"9c56fcb\" data-element_type=\"section\" data-e-type=\"section\" data-settings=\"{&quot;_ha_eqh_enable&quot;:false}\">\n\t\t\t\t\t\t<div class=\"elementor-container elementor-column-gap-default\">\n\t\t\t\t\t<div class=\"elementor-column elementor-col-100 elementor-top-column elementor-element elementor-element-130b250\" data-id=\"130b250\" data-element_type=\"column\" data-e-type=\"column\">\n\t\t\t<div class=\"elementor-widget-wrap elementor-element-populated\">\n\t\t\t\t\t\t<div class=\"elementor-element elementor-element-8f7425d elementor-widget elementor-widget-text-editor\" data-id=\"8f7425d\" data-element_type=\"widget\" data-e-type=\"widget\" data-widget_type=\"text-editor.default\">\n\t\t\t\t<div class=\"elementor-widget-container\">\n\t\t\t\t\t\t\t\t\t<p><span style=\"text-decoration: underline;\">Unterschied zwischen den Ganztagsschulen<\/span><\/p>\t\t\t\t\t\t\t\t<\/div>\n\t\t\t\t<\/div>\n\t\t\t\t\t<\/div>\n\t\t<\/div>\n\t\t\t\t\t<\/div>\n\t\t<\/section>\n\t\t\t\t<section class=\"elementor-section elementor-top-section elementor-element elementor-element-a79ac89 elementor-section-boxed elementor-section-height-default elementor-section-height-default wpr-particle-no wpr-jarallax-no wpr-parallax-no wpr-sticky-section-no wpr-equal-height-no\" data-id=\"a79ac89\" data-element_type=\"section\" data-e-type=\"section\" data-settings=\"{&quot;_ha_eqh_enable&quot;:false}\">\n\t\t\t\t\t\t<div class=\"elementor-container elementor-column-gap-default\">\n\t\t\t\t\t<div class=\"elementor-column elementor-col-100 elementor-top-column elementor-element elementor-element-27784f5\" data-id=\"27784f5\" data-element_type=\"column\" data-e-type=\"column\">\n\t\t\t<div class=\"elementor-widget-wrap elementor-element-populated\">\n\t\t\t\t\t\t<div class=\"elementor-element elementor-element-1a44e88 elementor-tabs-view-horizontal elementor-widget elementor-widget-tabs\" data-id=\"1a44e88\" data-element_type=\"widget\" data-e-type=\"widget\" data-widget_type=\"tabs.default\">\n\t\t\t\t<div class=\"elementor-widget-container\">\n\t\t\t\t\t\t\t<div class=\"elementor-tabs\">\n\t\t\t<div class=\"elementor-tabs-wrapper\" role=\"tablist\" >\n\t\t\t\t\t\t\t\t\t<div id=\"elementor-tab-title-2751\" class=\"elementor-tab-title elementor-tab-desktop-title\" aria-selected=\"true\" data-tab=\"1\" role=\"tab\" tabindex=\"0\" aria-controls=\"elementor-tab-content-2751\" aria-expanded=\"false\">Erweiterte Ganztagsschule (nur Hauptschulen)<\/div>\n\t\t\t\t\t\t\t\t\t<div id=\"elementor-tab-title-2752\" class=\"elementor-tab-title elementor-tab-desktop-title\" aria-selected=\"false\" data-tab=\"2\" role=\"tab\" tabindex=\"-1\" aria-controls=\"elementor-tab-content-2752\" aria-expanded=\"false\">Ganztagsschule (alle Schulformen der Sekundarstufe I)<\/div>\n\t\t\t\t\t\t\t\t\t<div id=\"elementor-tab-title-2753\" class=\"elementor-tab-title elementor-tab-desktop-title\" aria-selected=\"false\" data-tab=\"3\" role=\"tab\" tabindex=\"-1\" aria-controls=\"elementor-tab-content-2753\" aria-expanded=\"false\">Offene Ganztagsschule (nur Grundschule)<\/div>\n\t\t\t\t\t\t\t<\/div>\n\t\t\t<div class=\"elementor-tabs-content-wrapper\" role=\"tablist\" aria-orientation=\"vertical\">\n\t\t\t\t\t\t\t\t\t<div class=\"elementor-tab-title elementor-tab-mobile-title\" aria-selected=\"true\" data-tab=\"1\" role=\"tab\" tabindex=\"0\" aria-controls=\"elementor-tab-content-2751\" aria-expanded=\"false\">Erweiterte Ganztagsschule (nur Hauptschulen)<\/div>\n\t\t\t\t\t<div id=\"elementor-tab-content-2751\" class=\"elementor-tab-content elementor-clearfix\" data-tab=\"1\" role=\"tabpanel\" aria-labelledby=\"elementor-tab-title-2751\" tabindex=\"0\" hidden=\"false\"><p>An vier Tagen in der Woche findet f\u00fcr alle Sch\u00fclerinnen und Sch\u00fcler bis Klasse 7 verbindlicher Nachmittagsunterricht statt. F\u00fcr die Sch\u00fclerinnen und Sch\u00fcler der Klasse 8 gilt dies an drei Tagen.<br \/>An f\u00fcnf Tagen gibt es ein Mittagsangebot sowie Arbeitsgemeinschaften, die auch von AG-Leitern angeboten werden k\u00f6nnen, die als freie Mitarbeiter f\u00fcr einzelne AGs beauftragt werden.\u00a0<\/p><\/div>\n\t\t\t\t\t\t\t\t\t<div class=\"elementor-tab-title elementor-tab-mobile-title\" aria-selected=\"false\" data-tab=\"2\" role=\"tab\" tabindex=\"-1\" aria-controls=\"elementor-tab-content-2752\" aria-expanded=\"false\">Ganztagsschule (alle Schulformen der Sekundarstufe I)<\/div>\n\t\t\t\t\t<div id=\"elementor-tab-content-2752\" class=\"elementor-tab-content elementor-clearfix\" data-tab=\"2\" role=\"tabpanel\" aria-labelledby=\"elementor-tab-title-2752\" tabindex=\"0\" hidden=\"hidden\"><p>An drei Tagen in der Woche findet f\u00fcr alle Sch\u00fclerinnen und Sch\u00fcler verbindlicher Nachmittagsunterricht statt. Au\u00dferdem gibt es besondere F\u00f6rderangebote und Arbeitsgemeinschaften.<\/p><\/div>\n\t\t\t\t\t\t\t\t\t<div class=\"elementor-tab-title elementor-tab-mobile-title\" aria-selected=\"false\" data-tab=\"3\" role=\"tab\" tabindex=\"-1\" aria-controls=\"elementor-tab-content-2753\" aria-expanded=\"false\">Offene Ganztagsschule (nur Grundschule)<\/div>\n\t\t\t\t\t<div id=\"elementor-tab-content-2753\" class=\"elementor-tab-content elementor-clearfix\" data-tab=\"3\" role=\"tabpanel\" aria-labelledby=\"elementor-tab-title-2753\" tabindex=\"0\" hidden=\"hidden\"><p>Betreuungsangebote am Nachmittag. Auf freiwilliger Basis f\u00fcr Eltern, die dies gegen einen Elternbeitrag w\u00fcnschen.<\/p><\/div>\n\t\t\t\t\t\t\t<\/div>\n\t\t<\/div>\n\t\t\t\t\t\t<\/div>\n\t\t\t\t<\/div>\n\t\t\t\t\t<\/div>\n\t\t<\/div>\n\t\t\t\t\t<\/div>\n\t\t<\/section>\n\t\t\t\t<section class=\"elementor-section elementor-top-section elementor-element elementor-element-fc2f008 elementor-section-boxed elementor-section-height-default elementor-section-height-default wpr-particle-no wpr-jarallax-no wpr-parallax-no wpr-sticky-section-no wpr-equal-height-no\" data-id=\"fc2f008\" data-element_type=\"section\" data-e-type=\"section\" data-settings=\"{&quot;_ha_eqh_enable&quot;:false}\">\n\t\t\t\t\t\t<div class=\"elementor-container elementor-column-gap-default\">\n\t\t\t\t\t<div class=\"elementor-column elementor-col-100 elementor-top-column elementor-element elementor-element-b798446\" data-id=\"b798446\" data-element_type=\"column\" data-e-type=\"column\">\n\t\t\t<div class=\"elementor-widget-wrap elementor-element-populated\">\n\t\t\t\t\t\t<div class=\"elementor-element elementor-element-17ab25a elementor-widget-divider--view-line elementor-widget elementor-widget-divider\" data-id=\"17ab25a\" data-element_type=\"widget\" data-e-type=\"widget\" data-widget_type=\"divider.default\">\n\t\t\t\t<div class=\"elementor-widget-container\">\n\t\t\t\t\t\t\t<div class=\"elementor-divider\">\n\t\t\t<span class=\"elementor-divider-separator\">\n\t\t\t\t\t\t<\/span>\n\t\t<\/div>\n\t\t\t\t\t\t<\/div>\n\t\t\t\t<\/div>\n\t\t\t\t\t<\/div>\n\t\t<\/div>\n\t\t\t\t\t<\/div>\n\t\t<\/section>\n\t\t\t\t<section class=\"elementor-section elementor-top-section elementor-element elementor-element-c0394e8 elementor-section-boxed elementor-section-height-default elementor-section-height-default wpr-particle-no wpr-jarallax-no wpr-parallax-no wpr-sticky-section-no wpr-equal-height-no\" data-id=\"c0394e8\" data-element_type=\"section\" data-e-type=\"section\" data-settings=\"{&quot;_ha_eqh_enable&quot;:false}\">\n\t\t\t\t\t\t<div class=\"elementor-container elementor-column-gap-default\">\n\t\t\t\t\t<div class=\"elementor-column elementor-col-100 elementor-top-column elementor-element elementor-element-580a13f\" data-id=\"580a13f\" data-element_type=\"column\" data-e-type=\"column\">\n\t\t\t<div class=\"elementor-widget-wrap elementor-element-populated\">\n\t\t\t\t\t\t<div class=\"elementor-element elementor-element-7a4d931 elementor-widget elementor-widget-heading\" data-id=\"7a4d931\" data-element_type=\"widget\" data-e-type=\"widget\" data-widget_type=\"heading.default\">\n\t\t\t\t<div class=\"elementor-widget-container\">\n\t\t\t\t\t<h2 class=\"elementor-heading-title elementor-size-default\">Erziehungsziele - Was wollen wir erreichen?<\/h2>\t\t\t\t<\/div>\n\t\t\t\t<\/div>\n\t\t\t\t\t<\/div>\n\t\t<\/div>\n\t\t\t\t\t<\/div>\n\t\t<\/section>\n\t\t\t\t<section class=\"elementor-section elementor-top-section elementor-element elementor-element-c1a50d9 elementor-section-boxed elementor-section-height-default elementor-section-height-default wpr-particle-no wpr-jarallax-no wpr-parallax-no wpr-sticky-section-no wpr-equal-height-no\" data-id=\"c1a50d9\" data-element_type=\"section\" data-e-type=\"section\" data-settings=\"{&quot;_ha_eqh_enable&quot;:false}\">\n\t\t\t\t\t\t<div class=\"elementor-container elementor-column-gap-default\">\n\t\t\t\t\t<div class=\"elementor-column elementor-col-100 elementor-top-column elementor-element elementor-element-787b04e\" data-id=\"787b04e\" data-element_type=\"column\" data-e-type=\"column\">\n\t\t\t<div class=\"elementor-widget-wrap elementor-element-populated\">\n\t\t\t\t\t\t<div class=\"elementor-element elementor-element-177aa11 elementor-widget elementor-widget-text-editor\" data-id=\"177aa11\" data-element_type=\"widget\" data-e-type=\"widget\" data-widget_type=\"text-editor.default\">\n\t\t\t\t<div class=\"elementor-widget-container\">\n\t\t\t\t\t\t\t\t\t<ul><li>Sch\u00fclerinnen und Sch\u00fcler zu selbstst\u00e4ndigen und lebenst\u00fcchtigen Menschen erziehen,<\/li><li>sie dazu bef\u00e4higen, nach Abschluss der Schule eine Ausbildung in einem Beruf zu ergreifen,<\/li><li>sich aktiv am gesellschaftlichen Leben zu beteiligen,<\/li><li>ein Leben in Eigenverantwortung und in Harmonie mit anderen zu f\u00fchren.<\/li><\/ul><p><span style=\"text-decoration: underline;\"><strong>Achtsamkeit und Respekt<\/strong><\/span><br \/>In unserer Schule achten wir die Pers\u00f6nlichkeit des Einzelnen und verwirklichen in unserem Schulalltag ein respektvolles Miteinander, das gepr\u00e4gt von R\u00fccksichtnahme, Hilfsbereitschaft, Toleranz und Solidarit\u00e4t ist.<\/p><p><span style=\"text-decoration: underline;\"><strong>Grenzen der Freiheit<\/strong><\/span><br \/>Hierbei sind die Grenzen der freien Entfaltung und Entwicklung der Pers\u00f6nlichkeit dort zu setzen, wo die Belange und berechtigten Anspr\u00fcche des Einzelnen in negativer Weise ber\u00fchrt werden.<\/p><p><span style=\"text-decoration: underline;\"><strong>Selbstverantwortung und Gewaltverzicht<\/strong><\/span><br \/>Wir wollen eine Schule ohne Gewalt, in der Teamarbeit und Kooperation ein hohes Ma\u00df an Verantwortlichkeit und Leistungsbereitschaft hervorrufen, wobei F\u00f6rdern und Fordern im Einklang stehen.<\/p><p><span style=\"text-decoration: underline;\"><strong>Soziale Kompetenzen als Erziehungsziel<\/strong><\/span><br \/>Wir k\u00f6nnen nicht mehr davon ausgehen, dass die Kinder und Jugendlichen, die unsere Schule besuchen, ein Ma\u00df an sozialer Kompetenz aus dem Elternhaus mitbringen, das ein konfliktfreies gemeinsames Lernen im Schulalltag erm\u00f6glicht. Deshalb verwenden wir einen erheblichen Teil der Lernzeit auf die\u00a0Ausbildung\u00a0dieser Softskills.<br \/>Unterrichtsmethoden, die diese Kompetenzen neben den Fachinhalten quasi &#8222;nebenbei&#8220; vermitteln (z.B. in Form von kooperativen Lernarrangements), reichen nicht aus. Daher werden im Laufe der Schulzeit an verschiedenen Stellen\u00a0Sozialkompetenztrainings\u00a0durchgef\u00fchrt. Neben den lehrkr\u00e4ften werden ausgebildete Trainer und die Schulsozialarbeit damit beauftragt.<\/p>\t\t\t\t\t\t\t\t<\/div>\n\t\t\t\t<\/div>\n\t\t\t\t\t<\/div>\n\t\t<\/div>\n\t\t\t\t\t<\/div>\n\t\t<\/section>\n\t\t\t\t<section class=\"elementor-section elementor-top-section elementor-element elementor-element-0fd043a elementor-section-boxed elementor-section-height-default elementor-section-height-default wpr-particle-no wpr-jarallax-no wpr-parallax-no wpr-sticky-section-no wpr-equal-height-no\" data-id=\"0fd043a\" data-element_type=\"section\" data-e-type=\"section\" data-settings=\"{&quot;_ha_eqh_enable&quot;:false}\">\n\t\t\t\t\t\t<div class=\"elementor-container elementor-column-gap-default\">\n\t\t\t\t\t<div class=\"elementor-column elementor-col-100 elementor-top-column elementor-element elementor-element-036eb82\" data-id=\"036eb82\" data-element_type=\"column\" data-e-type=\"column\">\n\t\t\t<div class=\"elementor-widget-wrap elementor-element-populated\">\n\t\t\t\t\t\t<div class=\"elementor-element elementor-element-1072543 elementor-widget-divider--view-line elementor-widget elementor-widget-divider\" data-id=\"1072543\" data-element_type=\"widget\" data-e-type=\"widget\" data-widget_type=\"divider.default\">\n\t\t\t\t<div class=\"elementor-widget-container\">\n\t\t\t\t\t\t\t<div class=\"elementor-divider\">\n\t\t\t<span class=\"elementor-divider-separator\">\n\t\t\t\t\t\t<\/span>\n\t\t<\/div>\n\t\t\t\t\t\t<\/div>\n\t\t\t\t<\/div>\n\t\t\t\t\t<\/div>\n\t\t<\/div>\n\t\t\t\t\t<\/div>\n\t\t<\/section>\n\t\t\t\t<section class=\"elementor-section elementor-top-section elementor-element elementor-element-41409b1 elementor-section-boxed elementor-section-height-default elementor-section-height-default wpr-particle-no wpr-jarallax-no wpr-parallax-no wpr-sticky-section-no wpr-equal-height-no\" data-id=\"41409b1\" data-element_type=\"section\" data-e-type=\"section\" data-settings=\"{&quot;_ha_eqh_enable&quot;:false}\">\n\t\t\t\t\t\t<div class=\"elementor-container elementor-column-gap-default\">\n\t\t\t\t\t<div class=\"elementor-column elementor-col-100 elementor-top-column elementor-element elementor-element-6fbfa14\" data-id=\"6fbfa14\" data-element_type=\"column\" data-e-type=\"column\">\n\t\t\t<div class=\"elementor-widget-wrap elementor-element-populated\">\n\t\t\t\t\t\t<div class=\"elementor-element elementor-element-a1496a1 elementor-widget elementor-widget-heading\" data-id=\"a1496a1\" data-element_type=\"widget\" data-e-type=\"widget\" data-widget_type=\"heading.default\">\n\t\t\t\t<div class=\"elementor-widget-container\">\n\t\t\t\t\t<h2 class=\"elementor-heading-title elementor-size-default\">Bildungs- und Erziehungsauftrag - Versuche einer Ann\u00e4herung<\/h2>\t\t\t\t<\/div>\n\t\t\t\t<\/div>\n\t\t\t\t\t<\/div>\n\t\t<\/div>\n\t\t\t\t\t<\/div>\n\t\t<\/section>\n\t\t\t\t<section class=\"elementor-section elementor-top-section elementor-element elementor-element-c787f40 elementor-section-boxed elementor-section-height-default elementor-section-height-default wpr-particle-no wpr-jarallax-no wpr-parallax-no wpr-sticky-section-no wpr-equal-height-no\" data-id=\"c787f40\" data-element_type=\"section\" data-e-type=\"section\" data-settings=\"{&quot;_ha_eqh_enable&quot;:false}\">\n\t\t\t\t\t\t<div class=\"elementor-container elementor-column-gap-default\">\n\t\t\t\t\t<div class=\"elementor-column elementor-col-100 elementor-top-column elementor-element elementor-element-5aea400\" data-id=\"5aea400\" data-element_type=\"column\" data-e-type=\"column\">\n\t\t\t<div class=\"elementor-widget-wrap elementor-element-populated\">\n\t\t\t\t\t\t<div class=\"elementor-element elementor-element-3ebdd07 elementor-widget elementor-widget-text-editor\" data-id=\"3ebdd07\" data-element_type=\"widget\" data-e-type=\"widget\" data-widget_type=\"text-editor.default\">\n\t\t\t\t<div class=\"elementor-widget-container\">\n\t\t\t\t\t\t\t\t\tPriv.-Doz. Dr. Bernd Lederer (<a href=\"https:\/\/www.uibk.ac.at\/iezw\/\" target=\"_blank\" rel=\"noopener\">Erziehungswissenschaftliches Institut der Universit\u00e4t Innsbruck<\/a>) beginnt seinen Essay zu dieser Frage so:\n<blockquote>Was muss man wissen, k\u00f6nnen, tun, um als gebildet gelten zu k\u00f6nnen?\nWas ist unter Bildung, dem Kapitalbegriff der P\u00e4dagogik (&#8230;) eigentlich genau zu verstehen? &#8211; Schlie\u00dflich gibt es nur wenige Begrifflichkeiten, die einerseits so \u00fcberaus pr\u00e4sent und dabei, im Falle entsprechenden Nachfragens und -bohrens, zugleich auch so unbestimmt und vieldeutig sind.<\/blockquote>\nAber mit Sicherheit ist Bildung mehr als Kenntnisse in Mathe, Deutsche und Englisch und mehr als <a href=\"https:\/\/www.pisa.tum.de\/home\/\" target=\"_blank\" rel=\"noopener\">PISA<\/a> und <a href=\"https:\/\/www.schulentwicklung.nrw.de\/e\/lernstand8\/\" target=\"_blank\" rel=\"noopener\">VERA<\/a> ermitteln k\u00f6nnen.\nLernstandserhebungen erfassen den Kenntnisstand in diesen F\u00e4chern, aber nicht den Bildungsstand eines Menschen, bestenfalls einen Teilaspekt.\n\nDer an der FH M\u00fcnster t\u00e4tige Erziehungswissenschaftler Bernward Hoffmann schreibt dazu:\n<blockquote>Das Wort Bildung ist heruntergekommen zur Bezeichnung blo\u00dfen Formalwissens. Bildung ist dann nicht weit von Einbildung entfernt oder bezeichnet nur das, was gesellschaftliches N\u00fctzlichkeitsdenken der Herrschenden gerade f\u00fcr wichtig erachtet.<\/blockquote>\nUri Peter Trier, Erziehungswissenschaftlicher und Psychoanalytiker, umschreibt Bildung folgenderma\u00dfen:\n<blockquote>\n<ul>\n \t<li>Streben nach Wahrheit und Sch\u00f6nheit<\/li>\n \t<li>solidarisches Handeln<\/li>\n \t<li>die eigene Melodie finden und spielen<\/li>\n \t<li>Vers\u00f6hnung von Eros und Liebe, Bindung und Freiheit<\/li>\n \t<li>Wahlverwandte begleiten<\/li>\n \t<li>Tr\u00e4umen in einer Sprache, die nicht die deine ist<\/li>\n \t<li>sinnerf\u00fclltes Arbeiten<\/li>\n \t<li>in dir ein Privatmuseum einrichten: deine Bilder, Lieder und Texte jederzeit nutzen<\/li>\n \t<li>im Leben eine Br\u00fccke bauen zwischen Herkunft und Zukunft<\/li>\n \t<li>Neugierde bis zum Ende<\/li>\n<\/ul>\n<\/blockquote>\nDer Theologe Frank Conrads (ehemals Assistent an der Theologischen Fakult\u00e4t der Uni Heidelberg) meint zum Thema Bildung:\n\n<blockquote>Non scholae sed vitae discimus &#8211; nicht f\u00fcr die Schule sondern f\u00fcr das Leben lernen wir. Wohl war &#8211; aber was? Bildung geht nicht im Wissen auf. Bildung kann nicht hei\u00dfen, etwas zu lernen, was gerade gebraucht wird.\nEs gibt f\u00fcr Bildung kein Recht auf Fremdverwertung: Nicht irgendwelche Wirtschaftsbosse entscheiden, was gerade gelernt wird (&#8230;). Was gelernt wird, darf nicht nur berufsfeldspezifisch sein. Es muss lebensdienlich sein. Es muss einen in den Stand versetzen, dass er ein Urteil f\u00e4llen kann.<\/blockquote>\t\t\t\t\t\t\t\t<\/div>\n\t\t\t\t<\/div>\n\t\t\t\t\t<\/div>\n\t\t<\/div>\n\t\t\t\t\t<\/div>\n\t\t<\/section>\n\t\t\t\t<\/div>\n\t\t","protected":false},"excerpt":{"rendered":"<p>Im oberen Auswahlmen\u00fc unter dem Unterpunkt &#8222;Berufliche Orientierung an der Kopernikusschule&#8220; finden Sie weiterf\u00fchrende Informationen zu unserer Berufseinstiegsbegleitung (BerEb) zur Klasse 10 Typ A mit LZP (Langzeitpraktikum) und zum Konzept&#8230;<\/p>\n","protected":false},"author":1,"featured_media":0,"parent":0,"menu_order":0,"comment_status":"closed","ping_status":"closed","template":"","meta":{"footnotes":""},"class_list":["post-116","page","type-page","status-publish","hentry","entry"],"featured_image_src":null,"_links":{"self":[{"href":"https:\/\/www.kopernikusschule.de\/cms\/wp-json\/wp\/v2\/pages\/116","targetHints":{"allow":["GET"]}}],"collection":[{"href":"https:\/\/www.kopernikusschule.de\/cms\/wp-json\/wp\/v2\/pages"}],"about":[{"href":"https:\/\/www.kopernikusschule.de\/cms\/wp-json\/wp\/v2\/types\/page"}],"author":[{"embeddable":true,"href":"https:\/\/www.kopernikusschule.de\/cms\/wp-json\/wp\/v2\/users\/1"}],"replies":[{"embeddable":true,"href":"https:\/\/www.kopernikusschule.de\/cms\/wp-json\/wp\/v2\/comments?post=116"}],"version-history":[{"count":16,"href":"https:\/\/www.kopernikusschule.de\/cms\/wp-json\/wp\/v2\/pages\/116\/revisions"}],"predecessor-version":[{"id":620,"href":"https:\/\/www.kopernikusschule.de\/cms\/wp-json\/wp\/v2\/pages\/116\/revisions\/620"}],"wp:attachment":[{"href":"https:\/\/www.kopernikusschule.de\/cms\/wp-json\/wp\/v2\/media?parent=116"}],"curies":[{"name":"wp","href":"https:\/\/api.w.org\/{rel}","templated":true}]}}